Subject: [Xen-devel] [qemu-mainline test] 112598:
regressions - trouble: blocked/broken/fail/pass



flight 112598 qemu-mainline real [real]
http://logs.test-lab.xenproject.org/osstest/logs/112598/

Regressions :-(

Tests which did not succeed and are blocking,
including tests which could not be run:
test-amd64-i386-xl-qemuu-win7-amd64 16 guest-localmigrate/x10 fail REGR. vs.
112557
test-amd64-amd64-xl-qemuu-win7-amd64 16 guest-localmigrate/x10 fail REGR. vs.
112557
test-armhf-armhf-xl-vhd 15 guest-start/debian.repeat fail REGR. vs. 112557

Regressions which are regarded as allowable (not blocking):
test-armhf-armhf-xl-rtds 12 guest-start fail REGR. vs. 112557

Tests which did not succeed, but are not blocking:
test-arm64-arm64-libvirt-xsm 1 build-check(1) blocked n/a
test-arm64-arm64-xl 1 build-check(1) blocked n/a
build-arm64-libvirt 1 build-check(1) blocked n/a
test-arm64-arm64-xl-credit2 1 build-check(1) blocked n/a
test-arm64-arm64-xl-xsm 1 build-check(1) blocked n/a
build-arm64 2 hosts-allocate broken like 112557
build-arm64-xsm 2 hosts-allocate broken like 112557
build-arm64-xsm 3 capture-logs broken like 112557
build-arm64 3 capture-logs broken like 112557
build-arm64-pvops 2 hosts-allocate broken like 112557
build-arm64-pvops 3 capture-logs broken like 112557
test-armhf-armhf-libvirt 14 saverestore-support-check fail like 112557
test-armhf-armhf-libvirt-raw 13 saverestore-support-check fail like 112557
test-armhf-armhf-libvirt-xsm 14 saverestore-support-check fail like 112557
test-amd64-amd64-xl-rtds 10 debian-install fail like 112557
test-amd64-amd64-xl-qemuu-ws16-amd64 10 windows-install fail never pass
test-amd64-i386-libvirt 13 migrate-support-check fail never pass
test-amd64-amd64-libvirt-xsm 13 migrate-support-check fail never pass
test-amd64-i386-libvirt-xsm 13 migrate-support-check fail never pass
test-amd64-amd64-libvirt-qemuu-debianhvm-amd64-xsm 11 migrate-support-check
fail never pass
test-amd64-i386-libvirt-qemuu-debianhvm-amd64-xsm 11 migrate-support-check
fail never pass
test-armhf-armhf-xl-arndale 13 migrate-support-check fail never pass
test-armhf-armhf-xl-arndale 14 saverestore-support-check fail never pass
test-amd64-amd64-libvirt-vhd 12 migrate-support-check fail never pass
test-amd64-amd64-qemuu-nested-amd 17 debian-hvm-install/l1/l2 fail never pass
test-armhf-armhf-xl-multivcpu 13 migrate-support-check fail never pass
test-armhf-armhf-xl-multivcpu 14 saverestore-support-check fail never pass
test-armhf-armhf-xl-cubietruck 13 migrate-support-check fail never pass
test-armhf-armhf-xl-cubietruck 14 saverestore-support-check fail never pass
test-armhf-armhf-libvirt 13 migrate-support-check fail never pass
test-armhf-armhf-xl-credit2 13 migrate-support-check fail never pass
test-armhf-armhf-xl-credit2 14 saverestore-support-check fail never pass
test-amd64-i386-xl-qemuu-ws16-amd64 13 guest-saverestore fail never pass
test-amd64-amd64-libvirt 13 migrate-support-check fail never pass
test-armhf-armhf-libvirt-raw 12 migrate-support-check fail never pass
test-armhf-armhf-xl-vhd 12 migrate-support-check fail never pass
test-armhf-armhf-xl-vhd 13 saverestore-support-check fail never pass
test-armhf-armhf-xl 13 migrate-support-check fail never pass
test-armhf-armhf-xl 14 saverestore-support-check fail never pass
test-armhf-armhf-libvirt-xsm 13 migrate-support-check fail never pass
test-armhf-armhf-xl-xsm 13 migrate-support-check fail never pass
test-armhf-armhf-xl-xsm 14 saverestore-support-check fail never pass
test-amd64-i386-xl-qemuu-win10-i386 10 windows-install fail never pass
test-amd64-amd64-xl-qemuu-win10-i386 10 windows-install fail never pass

version targeted for testing:
qemuu 95766c2cd04395e5712b4d5967b3251f35d537df
baseline version:
qemuu b38df311c174c98ef8cce7dec9f46603b083018e

Last test of basis 112557 2017-08-10 14:50:06 Z 1 days
Failing since 112581 2017-08-11 02:00:41 Z 1 days 2 attempts
Testing same since 112598 2017-08-11 13:49:28 Z 0 days 1 attempts

------------------------------------------------------------
People who touched revisions under test:
Greg Kurz <[email protected]>
John Snow <[email protected]>
Kevin Wolf <[email protected]>
Peter Maydell <[email protected]>
Philippe Mathieu-Daudé <[email protected]>
Stefan Hajnoczi <[email protected]>
Zhi Yong Wu <[email protected]>

jobs:
build-amd64-xsm pass
build-arm64-xsm broken
build-armhf-xsm pass
build-i386-xsm pass
build-amd64 pass
build-arm64 broken
build-armhf pass
build-i386 pass
build-amd64-libvirt pass
build-arm64-libvirt blocked
build-armhf-libvirt pass
build-i386-libvirt pass
build-amd64-pvops pass
build-arm64-pvops broken
build-armhf-pvops pass
build-i386-pvops pass
test-amd64-amd64-xl pass
test-arm64-arm64-xl blocked
test-armhf-armhf-xl pass
test-amd64-i386-xl pass
test-amd64-amd64-libvirt-qemuu-debianhvm-amd64-xsm pass
test-amd64-i386-libvirt-qemuu-debianhvm-amd64-xsm pass
test-amd64-amd64-xl-qemuu-debianhvm-amd64-xsm pass
test-amd64-i386-xl-qemuu-debianhvm-amd64-xsm pass
test-amd64-amd64-libvirt-xsm pass
test-arm64-arm64-libvirt-xsm blocked
test-armhf-armhf-libvirt-xsm pass
test-amd64-i386-libvirt-xsm pass
test-amd64-amd64-xl-xsm pass
test-arm64-arm64-xl-xsm blocked
test-armhf-armhf-xl-xsm pass
test-amd64-i386-xl-xsm pass
test-amd64-amd64-qemuu-nested-amd fail
test-amd64-amd64-xl-pvh-amd pass
test-amd64-i386-qemuu-rhel6hvm-amd pass
test-amd64-amd64-xl-qemuu-debianhvm-amd64 pass
test-amd64-i386-xl-qemuu-debianhvm-amd64 pass
test-amd64-i386-freebsd10-amd64 pass
test-amd64-amd64-xl-qemuu-ovmf-amd64 pass
test-amd64-i386-xl-qemuu-ovmf-amd64 pass
test-amd64-amd64-xl-qemuu-win7-amd64 fail
test-amd64-i386-xl-qemuu-win7-amd64 fail
test-amd64-amd64-xl-qemuu-ws16-amd64 fail
test-amd64-i386-xl-qemuu-ws16-amd64 fail
test-armhf-armhf-xl-arndale pass
test-amd64-amd64-xl-credit2 pass
test-arm64-arm64-xl-credit2 blocked
test-armhf-armhf-xl-credit2 pass
test-armhf-armhf-xl-cubietruck pass
test-amd64-i386-freebsd10-i386 pass
test-amd64-amd64-xl-qemuu-win10-i386 fail
test-amd64-i386-xl-qemuu-win10-i386 fail
test-amd64-amd64-qemuu-nested-intel pass
test-amd64-amd64-xl-pvh-intel pass
test-amd64-i386-qemuu-rhel6hvm-intel pass
test-amd64-amd64-libvirt pass
test-armhf-armhf-libvirt pass
test-amd64-i386-libvirt pass
test-amd64-amd64-xl-multivcpu pass
test-armhf-armhf-xl-multivcpu pass
test-amd64-amd64-pair pass
test-amd64-i386-pair pass
test-amd64-amd64-libvirt-pair pass
test-amd64-i386-libvirt-pair pass
test-amd64-amd64-amd64-pvgrub pass
test-amd64-amd64-i386-pvgrub pass
test-amd64-amd64-pygrub pass
test-amd64-amd64-xl-qcow2 pass
test-armhf-armhf-libvirt-raw pass
test-amd64-i386-xl-raw pass
test-amd64-amd64-xl-rtds fail
test-armhf-armhf-xl-rtds fail
test-amd64-amd64-libvirt-vhd pass
test-armhf-armhf-xl-vhd fail


------------------------------------------------------------
sg-report-flight on osstest.test-lab.xenproject.org
logs: /home/logs/logs
images: /home/logs/images

Logs, config files, etc. are available at
http://logs.test-lab.xenproject.org/osstest/logs

Explanation of these reports, and of osstest in general, is at
http://xenbits.xen.org/gitweb/?p=osstest.git;a=blob;f=README.email;hb=master
http://xenbits.xen.org/gitweb/?p=osstest.git;a=blob;f=README;hb=master

Test harness code can be found at
http://xenbits.xen.org/gitweb?p=osstest.git;a=summary

broken-step build-arm64 hosts-allocate
broken-step build-arm64-xsm hosts-allocate
broken-step build-arm64-xsm capture-logs
broken-step build-arm64 capture-logs
broken-step build-arm64-pvops hosts-allocate
broken-step build-arm64-pvops capture-logs

Not pushing.

------------------------------------------------------------
commit 95766c2cd04395e5712b4d5967b3251f35d537df
Merge: 473a321 17d0bc0
Author: Peter Maydell <[email protected]>
Date: Thu Aug 10 18:53:39 2017 +0100

Merge remote-tracking branch 'remotes/stefanha/tags/block-pull-request'
into staging

# gpg: Signature made Thu 10 Aug 2017 18:48:13 BST
# gpg: using RSA key 0x9CA4ABB381AB73C8
# gpg: Good signature from "Stefan Hajnoczi <[email protected]>"
# gpg: aka "Stefan Hajnoczi <[email protected]>"
# Primary key fingerprint: 8695 A8BF D3F9 7CDA AC35 775A 9CA4 ABB3 81AB
73C8

* remotes/stefanha/tags/block-pull-request:
virtio-blk: handle blk_getlength() errors
IDE: test flush on empty CDROM
IDE: Do not flush empty CDROM drives

Signed-off-by: Peter Maydell <[email protected]>

commit 473a321122fd3c2c327a5a5d01a9a41f26f1734c
Merge: b38df31 4751fd5
Author: Peter Maydell <[email protected]>
Date: Thu Aug 10 17:50:55 2017 +0100

Merge remote-tracking branch 'remotes/gkurz/tags/for-upstream' into staging

Just a single fix for an annoying regression introduced in 2.9 when fixing
CVE-2016-9602.

# gpg: Signature made Thu 10 Aug 2017 13:40:28 BST
# gpg: using DSA key 0x02FC3AEB0101DBC2
# gpg: Good signature from "Greg Kurz <[email protected]>"
# gpg: aka "Greg Kurz <[email protected]>"
# gpg: aka "Greg Kurz <[email protected]>"
# gpg: aka "Gregory Kurz (Groug) <[email protected]>"
# gpg: aka "[jpeg image of size 3330]"
# gpg: WARNING: This key is not certified with a trusted signature!
# gpg: There is no indication that the signature belongs to the
owner.
# Primary key fingerprint: 2BD4 3B44 535E C0A7 9894 DBA2 02FC 3AEB 0101
DBC2

* remotes/gkurz/tags/for-upstream:
9pfs: local: fix fchmodat_nofollow() limitations

Signed-off-by: Peter Maydell <[email protected]>

commit 17d0bc01bfcce0ad4fb5105d4502595224569ff0
Author: Stefan Hajnoczi <[email protected]>
Date: Tue Aug 8 13:22:51 2017 +0100

virtio-blk: handle blk_getlength() errors

If blk_getlength() fails in virtio_blk_update_config() consider the disk
image length to be 0 bytes.

Signed-off-by: Stefan Hajnoczi <[email protected]>
Reviewed-by: Fam Zheng <[email protected]>
Message-id: [email protected]
Signed-off-by: Stefan Hajnoczi <[email protected]>

commit ce317e8deac6ce82063e3c2681254475822d45c9
Author: Kevin Wolf <[email protected]>
Date: Wed Aug 9 17:02:12 2017 +0100

IDE: test flush on empty CDROM

Signed-off-by: Kevin Wolf <[email protected]>
Signed-off-by: John Snow <[email protected]>
Reviewed-by: Eric Blake <[email protected]>
Signed-off-by: Stefan Hajnoczi <[email protected]>
Message-id: [email protected]
Signed-off-by: Stefan Hajnoczi <[email protected]>

commit 4da97120d51a4383aa96d741a2b837f8c4bbcd0b
Author: Stefan Hajnoczi <[email protected]>
Date: Wed Aug 9 17:02:11 2017 +0100

IDE: Do not flush empty CDROM drives

The block backend changed in a way that flushing empty CDROM drives now
crashes. Amend IDE to avoid doing so until the root problem can be
addressed for 2.11.

Original patch by John Snow <[email protected]>.

Reported-by: Kieron Shorrock <[email protected]>
Signed-off-by: Stefan Hajnoczi <[email protected]>
Reviewed-by: Eric Blake <[email protected]>
Message-id: [email protected]
Signed-off-by: Stefan Hajnoczi <[email protected]>

commit 4751fd5328dfcd4fe2f9055728a72a0e3ae56512
Author: Greg Kurz <[email protected]>
Date: Thu Aug 10 14:21:04 2017 +0200

9pfs: local: fix fchmodat_nofollow() limitations

This function has to ensure it doesn't follow a symlink that could be used
to escape the virtfs directory. This could be easily achieved if fchmodat()
on linux honored the AT_SYMLINK_NOFOLLOW flag as described in POSIX, but
it doesn't. There was a tentative to implement a new fchmodat2() syscall
with the correct semantics:

https://patchwork.kernel.org/patch/9596301/

but it didn't gain much momentum. Also it was suggested to look at an O_PATH
based solution in the first place.

The current implementation covers most use-cases, but it notably fails if:
- the target path has access rights equal to 0000 (openat() returns EPERM),
=> once you've done chmod(0000) on a file, you can never chmod() again
- the target path is UNIX domain socket (openat() returns ENXIO)
=> bind() of UNIX domain sockets fails if the file is on 9pfs

The solution is to use O_PATH: openat() now succeeds in both cases, and we
can ensure the path isn't a symlink with fstat(). The associated entry in
"/proc/self/fd" can hence be safely passed to the regular chmod() syscall.

The previous behavior is kept for older systems that don't have O_PATH.

Signed-off-by: Greg Kurz <[email protected]>
Reviewed-by: Eric Blake <[email protected]>
Tested-by: Zhi Yong Wu <[email protected]>
Acked-by: Philippe Mathieu-Daudé <[email protected]>

_______________________________________________
Xen-devel mailing list
[email protected]
https://lists.xen.org/xen-devel



Programming list archiving by: Enterprise Git Hosting