Subject: [Xen-devel] [linux-next test] 112593: regressions
- trouble: blocked/broken/fail/pass



flight 112593 linux-next real [real]
http://logs.test-lab.xenproject.org/osstest/logs/112593/

Regressions :-(

Tests which did not succeed and are blocking,
including tests which could not be run:
test-amd64-i386-xl-qemuu-debianhvm-amd64 7 xen-boot fail REGR. vs. 112551
test-amd64-i386-qemuu-rhel6hvm-intel 7 xen-boot fail REGR. vs. 112551
test-amd64-i386-pair 10 xen-boot/src_host fail REGR. vs. 112551
test-amd64-i386-libvirt 7 xen-boot fail REGR. vs. 112551
test-amd64-i386-xl-qemuu-win10-i386 7 xen-boot fail REGR. vs. 112551
test-amd64-i386-xl-qemuu-ws16-amd64 7 xen-boot fail REGR. vs. 112551
test-amd64-i386-pair 11 xen-boot/dst_host fail REGR. vs. 112551
test-amd64-i386-qemut-rhel6hvm-intel 7 xen-boot fail REGR. vs. 112551
test-amd64-i386-xl-xsm 7 xen-boot fail REGR. vs. 112551
test-amd64-i386-xl-qemut-win10-i386 7 xen-boot fail REGR. vs. 112551
test-amd64-i386-freebsd10-i386 7 xen-boot fail REGR. vs. 112551
test-amd64-i386-libvirt-pair 10 xen-boot/src_host fail REGR. vs. 112551
test-amd64-i386-libvirt-pair 11 xen-boot/dst_host fail REGR. vs. 112551
test-amd64-i386-xl 7 xen-boot fail REGR. vs. 112551
test-amd64-i386-examine 7 reboot fail REGR. vs. 112551
test-amd64-i386-xl-qemuu-debianhvm-amd64-xsm 7 xen-boot fail REGR. vs. 112551
test-amd64-i386-qemuu-rhel6hvm-amd 7 xen-boot fail REGR. vs. 112551
test-amd64-i386-xl-qemut-stubdom-debianhvm-amd64-xsm 7 xen-boot fail REGR. vs.
112551
test-amd64-i386-xl-qemut-ws16-amd64 7 xen-boot fail REGR. vs. 112551
test-amd64-i386-xl-qemuu-ovmf-amd64 7 xen-boot fail REGR. vs. 112551
test-amd64-i386-xl-qemut-debianhvm-amd64 7 xen-boot fail REGR. vs. 112551
test-amd64-i386-xl-qemut-debianhvm-amd64-xsm 7 xen-boot fail REGR. vs. 112551
test-amd64-i386-freebsd10-amd64 7 xen-boot fail REGR. vs. 112551
test-amd64-i386-xl-qemut-win7-amd64 7 xen-boot fail REGR. vs. 112551
test-amd64-i386-xl-qemuu-win7-amd64 7 xen-boot fail REGR. vs. 112551
test-amd64-i386-xl-raw 7 xen-boot fail REGR. vs. 112551
test-amd64-i386-rumprun-i386 7 xen-boot fail REGR. vs. 112551
test-amd64-i386-libvirt-qemuu-debianhvm-amd64-xsm 7 xen-boot fail REGR. vs.
112551
test-amd64-i386-qemut-rhel6hvm-amd 7 xen-boot fail REGR. vs. 112551
test-amd64-i386-libvirt-xsm 7 xen-boot fail REGR. vs. 112551
build-armhf 5 host-build-prep fail REGR. vs. 112551

Regressions which are regarded as allowable (not blocking):
test-amd64-amd64-xl-qemuu-win7-amd64 17 guest-stop fail REGR. vs. 112551

Tests which did not succeed, but are not blocking:
test-armhf-armhf-libvirt 1 build-check(1) blocked n/a
build-arm64-libvirt 1 build-check(1) blocked n/a
test-armhf-armhf-libvirt-raw 1 build-check(1) blocked n/a
test-arm64-arm64-examine 1 build-check(1) blocked n/a
test-armhf-armhf-xl-credit2 1 build-check(1) blocked n/a
test-armhf-armhf-xl-arndale 1 build-check(1) blocked n/a
test-armhf-armhf-libvirt-xsm 1 build-check(1) blocked n/a
test-arm64-arm64-libvirt-xsm 1 build-check(1) blocked n/a
test-armhf-armhf-xl-multivcpu 1 build-check(1) blocked n/a
test-arm64-arm64-xl 1 build-check(1) blocked n/a
build-armhf-libvirt 1 build-check(1) blocked n/a
test-armhf-armhf-xl 1 build-check(1) blocked n/a
test-armhf-armhf-examine 1 build-check(1) blocked n/a
test-armhf-armhf-xl-vhd 1 build-check(1) blocked n/a
test-arm64-arm64-xl-credit2 1 build-check(1) blocked n/a
test-armhf-armhf-xl-cubietruck 1 build-check(1) blocked n/a
test-armhf-armhf-xl-rtds 1 build-check(1) blocked n/a
test-arm64-arm64-xl-xsm 1 build-check(1) blocked n/a
build-arm64-xsm 2 hosts-allocate broken like 112551
build-arm64 2 hosts-allocate broken like 112551
build-arm64-xsm 3 capture-logs broken like 112551
build-arm64 3 capture-logs broken like 112551
build-arm64-pvops 2 hosts-allocate broken like 112551
build-arm64-pvops 3 capture-logs broken like 112551
test-amd64-amd64-xl-qemut-win7-amd64 17 guest-stop fail like 112540
test-amd64-amd64-examine 7 reboot fail like 112551
test-amd64-amd64-pair 10 xen-boot/src_host fail like 112551
test-amd64-amd64-pair 11 xen-boot/dst_host fail like 112551
test-amd64-amd64-amd64-pvgrub 7 xen-boot fail like 112551
test-amd64-amd64-rumprun-amd64 7 xen-boot fail like 112551
test-amd64-amd64-xl-rtds 10 debian-install fail like 112551
test-amd64-amd64-libvirt 13 migrate-support-check fail never pass
test-amd64-amd64-libvirt-xsm 13 migrate-support-check fail never pass
test-amd64-amd64-xl-qemuu-ws16-amd64 10 windows-install fail never pass
test-amd64-amd64-xl-qemut-ws16-amd64 10 windows-install fail never pass
test-amd64-amd64-libvirt-qemuu-debianhvm-amd64-xsm 11 migrate-support-check
fail never pass
test-amd64-amd64-libvirt-vhd 12 migrate-support-check fail never pass
test-amd64-amd64-qemuu-nested-amd 17 debian-hvm-install/l1/l2 fail never pass
test-armhf-armhf-xl-xsm 13 migrate-support-check fail never pass
test-armhf-armhf-xl-xsm 14 saverestore-support-check fail never pass
test-amd64-amd64-xl-qemuu-win10-i386 10 windows-install fail never pass
test-amd64-amd64-xl-qemut-win10-i386 10 windows-install fail never pass

version targeted for testing:
linux 91dfed74eabcdae9378131546c446442c29bf769
baseline version:
linux 8d31f80eb38819e4f2905ad21c0e8998382a08f7

Last test of basis (not found)
Failing since (not found)
Testing same since 112593 2017-08-11 10:34:05 Z 0 days 1 attempts

jobs:
build-amd64-xsm pass
build-arm64-xsm broken
build-armhf-xsm pass
build-i386-xsm pass
build-amd64 pass
build-arm64 broken
build-armhf broken
build-i386 pass
build-amd64-libvirt pass
build-arm64-libvirt blocked
build-armhf-libvirt blocked
build-i386-libvirt pass
build-amd64-pvops pass
build-arm64-pvops broken
build-armhf-pvops pass
build-i386-pvops pass
build-amd64-rumprun pass
build-i386-rumprun pass
test-amd64-amd64-xl pass
test-arm64-arm64-xl blocked
test-armhf-armhf-xl blocked
test-amd64-i386-xl fail
test-amd64-amd64-xl-qemut-debianhvm-amd64-xsm pass
test-amd64-i386-xl-qemut-debianhvm-amd64-xsm fail
test-amd64-amd64-libvirt-qemuu-debianhvm-amd64-xsm pass
test-amd64-i386-libvirt-qemuu-debianhvm-amd64-xsm fail
test-amd64-amd64-xl-qemuu-debianhvm-amd64-xsm pass
test-amd64-i386-xl-qemuu-debianhvm-amd64-xsm fail
test-amd64-amd64-xl-qemut-stubdom-debianhvm-amd64-xsm pass
test-amd64-i386-xl-qemut-stubdom-debianhvm-amd64-xsm fail
test-amd64-amd64-libvirt-xsm pass
test-arm64-arm64-libvirt-xsm blocked
test-armhf-armhf-libvirt-xsm blocked
test-amd64-i386-libvirt-xsm fail
test-amd64-amd64-xl-xsm pass
test-arm64-arm64-xl-xsm blocked
test-armhf-armhf-xl-xsm pass
test-amd64-i386-xl-xsm fail
test-amd64-amd64-qemuu-nested-amd fail
test-amd64-amd64-xl-pvh-amd pass
test-amd64-i386-qemut-rhel6hvm-amd fail
test-amd64-i386-qemuu-rhel6hvm-amd fail
test-amd64-amd64-xl-qemut-debianhvm-amd64 pass
test-amd64-i386-xl-qemut-debianhvm-amd64 fail
test-amd64-amd64-xl-qemuu-debianhvm-amd64 pass
test-amd64-i386-xl-qemuu-debianhvm-amd64 fail
test-amd64-i386-freebsd10-amd64 fail
test-amd64-amd64-xl-qemuu-ovmf-amd64 pass
test-amd64-i386-xl-qemuu-ovmf-amd64 fail
test-amd64-amd64-rumprun-amd64 fail
test-amd64-amd64-xl-qemut-win7-amd64 fail
test-amd64-i386-xl-qemut-win7-amd64 fail
test-amd64-amd64-xl-qemuu-win7-amd64 fail
test-amd64-i386-xl-qemuu-win7-amd64 fail
test-amd64-amd64-xl-qemut-ws16-amd64 fail
test-amd64-i386-xl-qemut-ws16-amd64 fail
test-amd64-amd64-xl-qemuu-ws16-amd64 fail
test-amd64-i386-xl-qemuu-ws16-amd64 fail
test-armhf-armhf-xl-arndale blocked
test-amd64-amd64-xl-credit2 pass
test-arm64-arm64-xl-credit2 blocked
test-armhf-armhf-xl-credit2 blocked
test-armhf-armhf-xl-cubietruck blocked
test-amd64-amd64-examine fail
test-arm64-arm64-examine blocked
test-armhf-armhf-examine blocked
test-amd64-i386-examine fail
test-amd64-i386-freebsd10-i386 fail
test-amd64-i386-rumprun-i386 fail
test-amd64-amd64-xl-qemut-win10-i386 fail
test-amd64-i386-xl-qemut-win10-i386 fail
test-amd64-amd64-xl-qemuu-win10-i386 fail
test-amd64-i386-xl-qemuu-win10-i386 fail
test-amd64-amd64-qemuu-nested-intel pass
test-amd64-amd64-xl-pvh-intel pass
test-amd64-i386-qemut-rhel6hvm-intel fail
test-amd64-i386-qemuu-rhel6hvm-intel fail
test-amd64-amd64-libvirt pass
test-armhf-armhf-libvirt blocked
test-amd64-i386-libvirt fail
test-amd64-amd64-xl-multivcpu pass
test-armhf-armhf-xl-multivcpu blocked
test-amd64-amd64-pair fail
test-amd64-i386-pair fail
test-amd64-amd64-libvirt-pair pass
test-amd64-i386-libvirt-pair fail
test-amd64-amd64-amd64-pvgrub fail
test-amd64-amd64-i386-pvgrub pass
test-amd64-amd64-pygrub pass
test-amd64-amd64-xl-qcow2 pass
test-armhf-armhf-libvirt-raw blocked
test-amd64-i386-xl-raw fail
test-amd64-amd64-xl-rtds fail
test-armhf-armhf-xl-rtds blocked
test-amd64-amd64-libvirt-vhd pass
test-armhf-armhf-xl-vhd blocked


------------------------------------------------------------
sg-report-flight on osstest.test-lab.xenproject.org
logs: /home/logs/logs
images: /home/logs/images

Logs, config files, etc. are available at
http://logs.test-lab.xenproject.org/osstest/logs

Explanation of these reports, and of osstest in general, is at
http://xenbits.xen.org/gitweb/?p=osstest.git;a=blob;f=README.email;hb=master
http://xenbits.xen.org/gitweb/?p=osstest.git;a=blob;f=README;hb=master

Test harness code can be found at
http://xenbits.xen.org/gitweb?p=osstest.git;a=summary


Push not applicable.


_______________________________________________
Xen-devel mailing list
Xen-devel@xxxxxxxxxxxxx
https://lists.xen.org/xen-devel



Programming list archiving by: Enterprise Git Hosting