Subject: [Xen-devel] [qemu-mainline baseline-only test]
71961: regressions - trouble:
blocked/broken/fail/pass



This run is configured for baseline tests only.

flight 71961 qemu-mainline real [real]
http://osstest.xs.citrite.net/~osstest/testlogs/logs/71961/

Regressions :-(

Tests which did not succeed and are blocking,
including tests which could not be run:
test-armhf-armhf-xl 20 capture-logs(20) broken REGR. vs. 71942
test-armhf-armhf-libvirt-raw 6 xen-install fail REGR. vs. 71942
test-armhf-armhf-xl-multivcpu 19 leak-check/check fail REGR. vs. 71942
test-amd64-i386-xl 23 leak-check/check fail REGR. vs. 71942

Tests which did not succeed, but are not blocking:
test-arm64-arm64-libvirt-xsm 1 build-check(1) blocked n/a
test-arm64-arm64-xl 1 build-check(1) blocked n/a
build-arm64-libvirt 1 build-check(1) blocked n/a
test-arm64-arm64-xl-credit2 1 build-check(1) blocked n/a
test-arm64-arm64-xl-xsm 1 build-check(1) blocked n/a
build-arm64 2 hosts-allocate broken never pass
build-arm64-pvops 2 hosts-allocate broken never pass
build-arm64-xsm 2 hosts-allocate broken never pass
build-arm64-xsm 3 capture-logs broken never pass
build-arm64-pvops 3 capture-logs broken never pass
build-arm64 3 capture-logs broken never pass
test-amd64-i386-xl-qemuu-win10-i386 17 guest-stop fail blocked in 71942
test-amd64-amd64-xl-qemuu-win7-amd64 17 guest-stop fail blocked in 71942
test-armhf-armhf-libvirt 14 saverestore-support-check fail like 71942
test-armhf-armhf-libvirt-xsm 14 saverestore-support-check fail like 71942
test-amd64-amd64-qemuu-nested-intel 17 debian-hvm-install/l1/l2 fail like 71942
test-amd64-i386-xl-qemuu-win7-amd64 16 guest-localmigrate/x10 fail like 71942
test-armhf-armhf-xl-midway 13 migrate-support-check fail never pass
test-armhf-armhf-libvirt 13 migrate-support-check fail never pass
test-armhf-armhf-xl-xsm 13 migrate-support-check fail never pass
test-armhf-armhf-xl-midway 14 saverestore-support-check fail never pass
test-armhf-armhf-xl-xsm 14 saverestore-support-check fail never pass
test-armhf-armhf-xl 13 migrate-support-check fail never pass
test-armhf-armhf-xl 14 saverestore-support-check fail never pass
test-amd64-amd64-xl-qemuu-ws16-amd64 10 windows-install fail never pass
test-armhf-armhf-libvirt-xsm 13 migrate-support-check fail never pass
test-armhf-armhf-xl-credit2 13 migrate-support-check fail never pass
test-armhf-armhf-xl-credit2 14 saverestore-support-check fail never pass
test-armhf-armhf-xl-multivcpu 13 migrate-support-check fail never pass
test-armhf-armhf-xl-multivcpu 14 saverestore-support-check fail never pass
test-amd64-i386-libvirt-xsm 13 migrate-support-check fail never pass
test-amd64-amd64-libvirt 13 migrate-support-check fail never pass
test-amd64-i386-libvirt 13 migrate-support-check fail never pass
test-armhf-armhf-xl-rtds 13 migrate-support-check fail never pass
test-armhf-armhf-xl-rtds 14 saverestore-support-check fail never pass
test-amd64-amd64-libvirt-xsm 13 migrate-support-check fail never pass
test-amd64-i386-libvirt-qemuu-debianhvm-amd64-xsm 11 migrate-support-check
fail never pass
test-armhf-armhf-xl-vhd 12 migrate-support-check fail never pass
test-armhf-armhf-xl-vhd 13 saverestore-support-check fail never pass
test-amd64-amd64-libvirt-qemuu-debianhvm-amd64-xsm 11 migrate-support-check
fail never pass
test-amd64-i386-xl-qemuu-ws16-amd64 13 guest-saverestore fail never pass
test-amd64-amd64-qemuu-nested-amd 17 debian-hvm-install/l1/l2 fail never pass
test-amd64-amd64-libvirt-vhd 12 migrate-support-check fail never pass
test-amd64-amd64-xl-qemuu-win10-i386 17 guest-stop fail never pass

version targeted for testing:
qemuu b38df311c174c98ef8cce7dec9f46603b083018e
baseline version:
qemuu ac44ed2afb7c60255e989b163301479f5b4ecd04

Last test of basis 71942 2017-08-05 14:47:33 Z 5 days
Testing same since 71961 2017-08-11 01:49:20 Z 0 days 1 attempts

------------------------------------------------------------
People who touched revisions under test:
Alberto Garcia <berto@xxxxxxxxxx>
Aleksandr Bezzubikov <zuban32s@xxxxxxxxx>
Cleber Rosa <crosa@xxxxxxxxxx>
Cornelia Huck <cohuck@xxxxxxxxxx>
Daniel P. Berrange <berrange@xxxxxxxxxx>
David Gibson <david@xxxxxxxxxxxxxxxxxxxxx>
Denis V. Lunev <den@xxxxxxxxxx>
Dr. David Alan Gilbert <dgilbert@xxxxxxxxxx>
Eric Auger <eric.auger@xxxxxxxxxx>
Eric Blake <eblake@xxxxxxxxxx>
Fam Zheng <famz@xxxxxxxxxx>
Greg Kurz <groug@xxxxxxxx>
Hannes Reinecke <hare@xxxxxxxx>
Hannes Reinecke <hare@xxxxxxx>
Jeff Cody <jcody@xxxxxxxxxx>
Jens Freimann <jfreiman@xxxxxxxxxx>
Jens Freimann <jfreimann@xxxxxxxxxx>
Joseph Myers <joseph@xxxxxxxxxxxxxxxx>
Kevin Wolf <kwolf@xxxxxxxxxx>
KONRAD Frederic <frederic.konrad@xxxxxxxxxxx>
Michael S. Tsirkin <mst@xxxxxxxxxx>
Paolo Bonzini <pbonzini@xxxxxxxxxx>
Peter Maydell <peter.maydell@xxxxxxxxxx>
Richard Henderson <rth@xxxxxxxxxxx>
Sam Bobroff <sam.bobroff@xxxxxxxxxxx>
Stefan Hajnoczi <stefanha@xxxxxxxxxx>

jobs:
build-amd64-xsm pass
build-arm64-xsm broken
build-armhf-xsm pass
build-i386-xsm pass
build-amd64 pass
build-arm64 broken
build-armhf pass
build-i386 pass
build-amd64-libvirt pass
build-arm64-libvirt blocked
build-armhf-libvirt pass
build-i386-libvirt pass
build-amd64-pvops pass
build-arm64-pvops broken
build-armhf-pvops pass
build-i386-pvops pass
test-amd64-amd64-xl pass
test-arm64-arm64-xl blocked
test-armhf-armhf-xl broken
test-amd64-i386-xl fail
test-amd64-amd64-libvirt-qemuu-debianhvm-amd64-xsm pass
test-amd64-i386-libvirt-qemuu-debianhvm-amd64-xsm pass
test-amd64-amd64-xl-qemuu-debianhvm-amd64-xsm pass
test-amd64-i386-xl-qemuu-debianhvm-amd64-xsm pass
test-amd64-amd64-libvirt-xsm pass
test-arm64-arm64-libvirt-xsm blocked
test-armhf-armhf-libvirt-xsm pass
test-amd64-i386-libvirt-xsm pass
test-amd64-amd64-xl-xsm pass
test-arm64-arm64-xl-xsm blocked
test-armhf-armhf-xl-xsm pass
test-amd64-i386-xl-xsm pass
test-amd64-amd64-qemuu-nested-amd fail
test-amd64-amd64-xl-pvh-amd pass
test-amd64-i386-qemuu-rhel6hvm-amd pass
test-amd64-amd64-xl-qemuu-debianhvm-amd64 pass
test-amd64-i386-xl-qemuu-debianhvm-amd64 pass
test-amd64-i386-freebsd10-amd64 pass
test-amd64-amd64-xl-qemuu-ovmf-amd64 pass
test-amd64-i386-xl-qemuu-ovmf-amd64 pass
test-amd64-amd64-xl-qemuu-win7-amd64 fail
test-amd64-i386-xl-qemuu-win7-amd64 fail
test-amd64-amd64-xl-qemuu-ws16-amd64 fail
test-amd64-i386-xl-qemuu-ws16-amd64 fail
test-amd64-amd64-xl-credit2 pass
test-arm64-arm64-xl-credit2 blocked
test-armhf-armhf-xl-credit2 pass
test-amd64-i386-freebsd10-i386 pass
test-amd64-amd64-xl-qemuu-win10-i386 fail
test-amd64-i386-xl-qemuu-win10-i386 fail
test-amd64-amd64-qemuu-nested-intel fail
test-amd64-amd64-xl-pvh-intel pass
test-amd64-i386-qemuu-rhel6hvm-intel pass
test-amd64-amd64-libvirt pass
test-armhf-armhf-libvirt pass
test-amd64-i386-libvirt pass
test-armhf-armhf-xl-midway pass
test-amd64-amd64-xl-multivcpu pass
test-armhf-armhf-xl-multivcpu fail
test-amd64-amd64-pair pass
test-amd64-i386-pair pass
test-amd64-amd64-libvirt-pair pass
test-amd64-i386-libvirt-pair pass
test-amd64-amd64-amd64-pvgrub pass
test-amd64-amd64-i386-pvgrub pass
test-amd64-amd64-pygrub pass
test-amd64-amd64-xl-qcow2 pass
test-armhf-armhf-libvirt-raw fail
test-amd64-i386-xl-raw pass
test-amd64-amd64-xl-rtds pass
test-armhf-armhf-xl-rtds pass
test-amd64-amd64-libvirt-vhd pass
test-armhf-armhf-xl-vhd pass


------------------------------------------------------------
sg-report-flight on osstest.xs.citrite.net
logs: /home/osstest/logs
images: /home/osstest/images

Logs, config files, etc. are available at
http://osstest.xs.citrite.net/~osstest/testlogs/logs

Test harness code can be found at
http://xenbits.xensource.com/gitweb?p=osstest.git;a=summary

broken-step build-arm64 hosts-allocate
broken-step build-arm64-pvops hosts-allocate
broken-step build-arm64-xsm hosts-allocate
broken-step build-arm64-xsm capture-logs
broken-step build-arm64-pvops capture-logs
broken-step build-arm64 capture-logs
broken-step test-armhf-armhf-xl capture-logs(20)

Push not applicable.

(No revision log; it would be 1016 lines long.)

_______________________________________________
Xen-devel mailing list
Xen-devel@xxxxxxxxxxxxx
https://lists.xen.org/xen-devel



Programming list archiving by: Enterprise Git Hosting