Subject: [Xen-devel] [linux-linus test] 112540: regressions
- trouble: blocked/broken/fail/pass



flight 112540 linux-linus real [real]
http://logs.test-lab.xenproject.org/osstest/logs/112540/

Regressions :-(

Tests which did not succeed and are blocking,
including tests which could not be run:
test-amd64-amd64-examine 7 reboot fail REGR. vs. 110515
test-amd64-amd64-xl-qemut-debianhvm-amd64 7 xen-boot fail REGR. vs. 110515
test-amd64-amd64-i386-pvgrub 7 xen-boot fail REGR. vs. 110515
test-amd64-amd64-xl-qcow2 7 xen-boot fail REGR. vs. 110515
test-amd64-amd64-xl-pvh-intel 7 xen-boot fail REGR. vs. 110515
test-amd64-amd64-xl-qemuu-ovmf-amd64 7 xen-boot fail REGR. vs. 110515
test-amd64-amd64-libvirt-vhd 7 xen-boot fail REGR. vs. 110515
test-amd64-amd64-rumprun-amd64 7 xen-boot fail REGR. vs. 110515
test-amd64-amd64-xl-xsm 7 xen-boot fail REGR. vs. 110515
test-amd64-amd64-libvirt-qemuu-debianhvm-amd64-xsm 7 xen-boot fail REGR. vs.
110515
test-amd64-amd64-libvirt-pair 10 xen-boot/src_host fail REGR. vs. 110515
test-amd64-amd64-libvirt-pair 11 xen-boot/dst_host fail REGR. vs. 110515
test-amd64-amd64-qemuu-nested-intel 7 xen-boot fail REGR. vs. 110515
test-amd64-amd64-pygrub 7 xen-boot fail REGR. vs. 110515
test-amd64-amd64-xl-qemut-stubdom-debianhvm-amd64-xsm 7 xen-boot fail REGR.
vs. 110515
test-amd64-amd64-pair 10 xen-boot/src_host fail REGR. vs. 110515
test-amd64-amd64-pair 11 xen-boot/dst_host fail REGR. vs. 110515
test-amd64-amd64-libvirt 7 xen-boot fail REGR. vs. 110515
test-amd64-i386-xl-qemuu-debianhvm-amd64-xsm 13 guest-saverestore fail REGR.
vs. 110515
test-amd64-i386-xl-qemuu-win7-amd64 16 guest-localmigrate/x10 fail REGR. vs.
110515
test-amd64-amd64-amd64-pvgrub 7 xen-boot fail REGR. vs. 110515

Regressions which are regarded as allowable (not blocking):
build-arm64-pvops 2 hosts-allocate broken REGR. vs. 110515
build-arm64-xsm 2 hosts-allocate broken REGR. vs. 110515
build-arm64 2 hosts-allocate broken REGR. vs. 110515

Tests which did not succeed, but are not blocking:
build-arm64-libvirt 1 build-check(1) blocked n/a
test-arm64-arm64-examine 1 build-check(1) blocked n/a
test-arm64-arm64-libvirt-xsm 1 build-check(1) blocked n/a
test-arm64-arm64-xl 1 build-check(1) blocked n/a
test-arm64-arm64-xl-credit2 1 build-check(1) blocked n/a
test-arm64-arm64-xl-xsm 1 build-check(1) blocked n/a
build-arm64-pvops 3 capture-logs broken blocked in 110515
build-arm64-xsm 3 capture-logs broken blocked in 110515
build-arm64 3 capture-logs broken blocked in 110515
test-amd64-i386-xl-qemut-win7-amd64 18 guest-start/win.repeat fail blocked in
110515
test-armhf-armhf-libvirt 14 saverestore-support-check fail like 110515
test-amd64-amd64-xl-qemut-win7-amd64 17 guest-stop fail like 110515
test-armhf-armhf-libvirt-xsm 14 saverestore-support-check fail like 110515
test-amd64-amd64-xl-rtds 10 debian-install fail like 110515
test-armhf-armhf-xl-rtds 16 guest-start/debian.repeat fail like 110515
test-armhf-armhf-libvirt-raw 13 saverestore-support-check fail like 110515
test-amd64-amd64-xl-qemut-ws16-amd64 10 windows-install fail never pass
test-amd64-amd64-xl-qemuu-ws16-amd64 10 windows-install fail never pass
test-amd64-i386-libvirt-xsm 13 migrate-support-check fail never pass
test-amd64-amd64-libvirt-xsm 13 migrate-support-check fail never pass
test-amd64-i386-libvirt 13 migrate-support-check fail never pass
test-amd64-i386-libvirt-qemuu-debianhvm-amd64-xsm 11 migrate-support-check
fail never pass
test-amd64-amd64-qemuu-nested-amd 17 debian-hvm-install/l1/l2 fail never pass
test-armhf-armhf-xl-credit2 13 migrate-support-check fail never pass
test-armhf-armhf-xl-xsm 13 migrate-support-check fail never pass
test-armhf-armhf-xl-credit2 14 saverestore-support-check fail never pass
test-armhf-armhf-xl-xsm 14 saverestore-support-check fail never pass
test-armhf-armhf-libvirt 13 migrate-support-check fail never pass
test-armhf-armhf-xl-multivcpu 13 migrate-support-check fail never pass
test-armhf-armhf-xl-multivcpu 14 saverestore-support-check fail never pass
test-amd64-i386-xl-qemut-ws16-amd64 13 guest-saverestore fail never pass
test-armhf-armhf-xl-rtds 13 migrate-support-check fail never pass
test-armhf-armhf-xl-rtds 14 saverestore-support-check fail never pass
test-armhf-armhf-xl 13 migrate-support-check fail never pass
test-armhf-armhf-xl 14 saverestore-support-check fail never pass
test-armhf-armhf-libvirt-xsm 13 migrate-support-check fail never pass
test-armhf-armhf-xl-arndale 13 migrate-support-check fail never pass
test-armhf-armhf-xl-arndale 14 saverestore-support-check fail never pass
test-armhf-armhf-libvirt-raw 12 migrate-support-check fail never pass
test-amd64-i386-xl-qemuu-ws16-amd64 13 guest-saverestore fail never pass
test-armhf-armhf-xl-vhd 12 migrate-support-check fail never pass
test-armhf-armhf-xl-vhd 13 saverestore-support-check fail never pass
test-amd64-amd64-xl-qemut-win10-i386 10 windows-install fail never pass
test-amd64-i386-xl-qemuu-win10-i386 10 windows-install fail never pass
test-amd64-amd64-xl-qemuu-win10-i386 10 windows-install fail never pass
test-amd64-i386-xl-qemut-win10-i386 10 windows-install fail never pass
test-armhf-armhf-xl-cubietruck 13 migrate-support-check fail never pass
test-armhf-armhf-xl-cubietruck 14 saverestore-support-check fail never pass

version targeted for testing:
linux 8d31f80eb38819e4f2905ad21c0e8998382a08f7
baseline version:
linux 1439ccf73d9c07654fdd5b4969fd53c2feb8684d

Last test of basis 110515 2017-06-17 06:48:56 Z 54 days
Failing since 110536 2017-06-17 23:48:13 Z 53 days 69 attempts
Testing same since 112540 2017-08-09 22:20:01 Z 0 days 1 attempts

------------------------------------------------------------
2263 people touched revisions under test,
not listing them all

jobs:
build-amd64-xsm pass
build-arm64-xsm broken
build-armhf-xsm pass
build-i386-xsm pass
build-amd64 pass
build-arm64 broken
build-armhf pass
build-i386 pass
build-amd64-libvirt pass
build-arm64-libvirt blocked
build-armhf-libvirt pass
build-i386-libvirt pass
build-amd64-pvops pass
build-arm64-pvops broken
build-armhf-pvops pass
build-i386-pvops pass
build-amd64-rumprun pass
build-i386-rumprun pass
test-amd64-amd64-xl pass
test-arm64-arm64-xl blocked
test-armhf-armhf-xl pass
test-amd64-i386-xl pass
test-amd64-amd64-xl-qemut-debianhvm-amd64-xsm pass
test-amd64-i386-xl-qemut-debianhvm-amd64-xsm pass
test-amd64-amd64-libvirt-qemuu-debianhvm-amd64-xsm fail
test-amd64-i386-libvirt-qemuu-debianhvm-amd64-xsm pass
test-amd64-amd64-xl-qemuu-debianhvm-amd64-xsm pass
test-amd64-i386-xl-qemuu-debianhvm-amd64-xsm fail
test-amd64-amd64-xl-qemut-stubdom-debianhvm-amd64-xsm fail
test-amd64-i386-xl-qemut-stubdom-debianhvm-amd64-xsm pass
test-amd64-amd64-libvirt-xsm pass
test-arm64-arm64-libvirt-xsm blocked
test-armhf-armhf-libvirt-xsm pass
test-amd64-i386-libvirt-xsm pass
test-amd64-amd64-xl-xsm fail
test-arm64-arm64-xl-xsm blocked
test-armhf-armhf-xl-xsm pass
test-amd64-i386-xl-xsm pass
test-amd64-amd64-qemuu-nested-amd fail
test-amd64-amd64-xl-pvh-amd pass
test-amd64-i386-qemut-rhel6hvm-amd pass
test-amd64-i386-qemuu-rhel6hvm-amd pass
test-amd64-amd64-xl-qemut-debianhvm-amd64 fail
test-amd64-i386-xl-qemut-debianhvm-amd64 pass
test-amd64-amd64-xl-qemuu-debianhvm-amd64 pass
test-amd64-i386-xl-qemuu-debianhvm-amd64 pass
test-amd64-i386-freebsd10-amd64 pass
test-amd64-amd64-xl-qemuu-ovmf-amd64 fail
test-amd64-i386-xl-qemuu-ovmf-amd64 pass
test-amd64-amd64-rumprun-amd64 fail
test-amd64-amd64-xl-qemut-win7-amd64 fail
test-amd64-i386-xl-qemut-win7-amd64 fail
test-amd64-amd64-xl-qemuu-win7-amd64 pass
test-amd64-i386-xl-qemuu-win7-amd64 fail
test-amd64-amd64-xl-qemut-ws16-amd64 fail
test-amd64-i386-xl-qemut-ws16-amd64 fail
test-amd64-amd64-xl-qemuu-ws16-amd64 fail
test-amd64-i386-xl-qemuu-ws16-amd64 fail
test-armhf-armhf-xl-arndale pass
test-amd64-amd64-xl-credit2 pass
test-arm64-arm64-xl-credit2 blocked
test-armhf-armhf-xl-credit2 pass
test-armhf-armhf-xl-cubietruck pass
test-amd64-amd64-examine fail
test-arm64-arm64-examine blocked
test-armhf-armhf-examine pass
test-amd64-i386-examine pass
test-amd64-i386-freebsd10-i386 pass
test-amd64-i386-rumprun-i386 pass
test-amd64-amd64-xl-qemut-win10-i386 fail
test-amd64-i386-xl-qemut-win10-i386 fail
test-amd64-amd64-xl-qemuu-win10-i386 fail
test-amd64-i386-xl-qemuu-win10-i386 fail
test-amd64-amd64-qemuu-nested-intel fail
test-amd64-amd64-xl-pvh-intel fail
test-amd64-i386-qemut-rhel6hvm-intel pass
test-amd64-i386-qemuu-rhel6hvm-intel pass
test-amd64-amd64-libvirt fail
test-armhf-armhf-libvirt pass
test-amd64-i386-libvirt pass
test-amd64-amd64-xl-multivcpu pass
test-armhf-armhf-xl-multivcpu pass
test-amd64-amd64-pair fail
test-amd64-i386-pair pass
test-amd64-amd64-libvirt-pair fail
test-amd64-i386-libvirt-pair pass
test-amd64-amd64-amd64-pvgrub fail
test-amd64-amd64-i386-pvgrub fail
test-amd64-amd64-pygrub fail
test-amd64-amd64-xl-qcow2 fail
test-armhf-armhf-libvirt-raw pass
test-amd64-i386-xl-raw pass
test-amd64-amd64-xl-rtds fail
test-armhf-armhf-xl-rtds fail
test-amd64-amd64-libvirt-vhd fail
test-armhf-armhf-xl-vhd pass


------------------------------------------------------------
sg-report-flight on osstest.test-lab.xenproject.org
logs: /home/logs/logs
images: /home/logs/images

Logs, config files, etc. are available at
http://logs.test-lab.xenproject.org/osstest/logs

Explanation of these reports, and of osstest in general, is at
http://xenbits.xen.org/gitweb/?p=osstest.git;a=blob;f=README.email;hb=master
http://xenbits.xen.org/gitweb/?p=osstest.git;a=blob;f=README;hb=master

Test harness code can be found at
http://xenbits.xen.org/gitweb?p=osstest.git;a=summary

broken-step build-arm64-pvops hosts-allocate
broken-step build-arm64-xsm hosts-allocate
broken-step build-arm64-pvops capture-logs
broken-step build-arm64-xsm capture-logs
broken-step build-arm64 hosts-allocate
broken-step build-arm64 capture-logs

Not pushing.

(No revision log; it would be 259062 lines long.)

_______________________________________________
Xen-devel mailing list
Xen-devel@xxxxxxxxxxxxx
https://lists.xen.org/xen-devel



Programming list archiving by: Enterprise Git Hosting