Subject: [Xen-devel] [xen-unstable-smoke test] 112537:
tolerable trouble: broken/pass - PUSHED



flight 112537 xen-unstable-smoke real [real]
http://logs.test-lab.xenproject.org/osstest/logs/112537/

Failures :-/ but no regressions.

Tests which did not succeed, but are not blocking:
test-arm64-arm64-xl-xsm 1 build-check(1) blocked n/a
build-arm64-pvops 2 hosts-allocate broken like 112534
build-arm64 2 hosts-allocate broken like 112534
build-arm64-pvops 3 capture-logs broken like 112534
build-arm64 3 capture-logs broken like 112534
test-amd64-amd64-libvirt 13 migrate-support-check fail never pass
test-armhf-armhf-xl 13 migrate-support-check fail never pass
test-armhf-armhf-xl 14 saverestore-support-check fail never pass

version targeted for testing:
xen f5c3e78b5c61e7dfb05749c7a0c862ec18c86384
baseline version:
xen f9c7a0ee87f23ae408a1ac4f948b96f51b911564

Last test of basis 112534 2017-08-09 11:02:38 Z 0 days
Testing same since 112537 2017-08-09 14:01:27 Z 0 days 1 attempts

------------------------------------------------------------
People who touched revisions under test:
Olaf Hering <olaf@xxxxxxxxx>
Wei Liu <wei.liu2@xxxxxxxxxx>

jobs:
build-amd64 pass
build-arm64 broken
build-armhf pass
build-amd64-libvirt pass
build-arm64-pvops broken
test-armhf-armhf-xl pass
test-arm64-arm64-xl-xsm broken
test-amd64-amd64-xl-qemuu-debianhvm-i386 pass
test-amd64-amd64-libvirt pass


------------------------------------------------------------
sg-report-flight on osstest.test-lab.xenproject.org
logs: /home/logs/logs
images: /home/logs/images

Logs, config files, etc. are available at
http://logs.test-lab.xenproject.org/osstest/logs

Explanation of these reports, and of osstest in general, is at
http://xenbits.xen.org/gitweb/?p=osstest.git;a=blob;f=README.email;hb=master
http://xenbits.xen.org/gitweb/?p=osstest.git;a=blob;f=README;hb=master

Test harness code can be found at
http://xenbits.xen.org/gitweb?p=osstest.git;a=summary

broken-step build-arm64-pvops hosts-allocate
broken-step build-arm64 hosts-allocate
broken-step build-arm64-pvops capture-logs
broken-step build-arm64 capture-logs

Pushing revision :

+ branch=xen-unstable-smoke
+ revision=f5c3e78b5c61e7dfb05749c7a0c862ec18c86384
+ . ./cri-lock-repos
++ . ./cri-common
+++ . ./cri-getconfig
+++ umask 002
+++ getrepos
++++ getconfig Repos
++++ perl -e '
use Osstest;
readglobalconfig();
print $c{"Repos"} or die $!;
'
+++ local repos=/home/osstest/repos
+++ '[' -z /home/osstest/repos ']'
+++ '[' '!' -d /home/osstest/repos ']'
+++ echo /home/osstest/repos
++ repos=/home/osstest/repos
++ repos_lock=/home/osstest/repos/lock
++ '[' x '!=' x/home/osstest/repos/lock ']'
++ OSSTEST_REPOS_LOCK_LOCKED=/home/osstest/repos/lock
++ exec with-lock-ex -w /home/osstest/repos/lock ./ap-push xen-unstable-smoke
f5c3e78b5c61e7dfb05749c7a0c862ec18c86384
+ branch=xen-unstable-smoke
+ revision=f5c3e78b5c61e7dfb05749c7a0c862ec18c86384
+ . ./cri-lock-repos
++ . ./cri-common
+++ . ./cri-getconfig
+++ umask 002
+++ getrepos
++++ getconfig Repos
++++ perl -e '
use Osstest;
readglobalconfig();
print $c{"Repos"} or die $!;
'
+++ local repos=/home/osstest/repos
+++ '[' -z /home/osstest/repos ']'
+++ '[' '!' -d /home/osstest/repos ']'
+++ echo /home/osstest/repos
++ repos=/home/osstest/repos
++ repos_lock=/home/osstest/repos/lock
++ '[' x/home/osstest/repos/lock '!=' x/home/osstest/repos/lock ']'
+ . ./cri-common
++ . ./cri-getconfig
++ umask 002
+ select_xenbranch
+ case "$branch" in
+ tree=xen
+ xenbranch=xen-unstable-smoke
+ qemuubranch=qemu-upstream-unstable
+ '[' xxen = xlinux ']'
+ linuxbranch=
+ '[' xqemu-upstream-unstable = x ']'
+ select_prevxenbranch
++ ./cri-getprevxenbranch xen-unstable-smoke
+ prevxenbranch=xen-4.9-testing
+ '[' xf5c3e78b5c61e7dfb05749c7a0c862ec18c86384 = x ']'
+ : tested/2.6.39.x
+ . ./ap-common
++ : osstest@xxxxxxxxxxxxxxx
+++ getconfig OsstestUpstream
+++ perl -e '
use Osstest;
readglobalconfig();
print $c{"OsstestUpstream"} or die $!;
'
++ :
++ : git://xenbits.xen.org/xen.git
++ : osstest@xxxxxxxxxxxxxxx:/home/xen/git/xen.git
++ : git://xenbits.xen.org/qemu-xen-traditional.git
++ : git://git.kernel.org
++ : git://git.kernel.org/pub/scm/linux/kernel/git
++ : git
++ : git://xenbits.xen.org/xtf.git
++ : osstest@xxxxxxxxxxxxxxx:/home/xen/git/xtf.git
++ : git://xenbits.xen.org/xtf.git
++ : git://xenbits.xen.org/libvirt.git
++ : osstest@xxxxxxxxxxxxxxx:/home/xen/git/libvirt.git
++ : git://xenbits.xen.org/libvirt.git
++ : git://xenbits.xen.org/osstest/rumprun.git
++ : git
++ : git://xenbits.xen.org/osstest/rumprun.git
++ : osstest@xxxxxxxxxxxxxxx:/home/xen/git/osstest/rumprun.git
++ : git://git.seabios.org/seabios.git
++ : osstest@xxxxxxxxxxxxxxx:/home/xen/git/osstest/seabios.git
++ : git://xenbits.xen.org/osstest/seabios.git
++ : https://github.com/tianocore/edk2.git
++ : osstest@xxxxxxxxxxxxxxx:/home/xen/git/osstest/ovmf.git
++ : git://xenbits.xen.org/osstest/ovmf.git
++ : git://xenbits.xen.org/osstest/linux-firmware.git
++ : osstest@xxxxxxxxxxxxxxx:/home/osstest/ext/linux-firmware.git
++ : git://git.kernel.org/pub/scm/linux/kernel/git/firmware/linux-firmware.git
++ : osstest@xxxxxxxxxxxxxxx:/home/xen/git/linux-pvops.git
++ : git://xenbits.xen.org/linux-pvops.git
++ : tested/linux-4.9
++ : tested/linux-arm-xen
++ '[' xgit://xenbits.xen.org/linux-pvops.git = x ']'
++ '[' x = x ']'
++ : git://xenbits.xen.org/linux-pvops.git
++ : tested/linux-arm-xen
++ : git://git.kernel.org/pub/scm/linux/kernel/git/konrad/xen.git
++ : tested/2.6.39.x
++ : daily-cron.xen-unstable-smoke
++ : daily-cron.xen-unstable-smoke
++ : daily-cron.xen-unstable-smoke
++ : daily-cron.xen-unstable-smoke
++ : daily-cron.xen-unstable-smoke
++ : daily-cron.xen-unstable-smoke
++ : daily-cron.xen-unstable-smoke
++ : http://hg.uk.xensource.com/carbon/trunk/linux-2.6.27
++ : git://xenbits.xen.org/qemu-xen.git
++ : osstest@xxxxxxxxxxxxxxx:/home/xen/git/qemu-xen.git
++ : daily-cron.xen-unstable-smoke
++ : git://xenbits.xen.org/qemu-xen.git
++ : git://git.qemu.org/qemu.git
+ TREE_LINUX=osstest@xxxxxxxxxxxxxxx:/home/xen/git/linux-pvops.git
+ TREE_QEMU_UPSTREAM=osstest@xxxxxxxxxxxxxxx:/home/xen/git/qemu-xen.git
+ TREE_XEN=osstest@xxxxxxxxxxxxxxx:/home/xen/git/xen.git
+ TREE_LIBVIRT=osstest@xxxxxxxxxxxxxxx:/home/xen/git/libvirt.git
+ TREE_RUMPRUN=osstest@xxxxxxxxxxxxxxx:/home/xen/git/osstest/rumprun.git
+ TREE_SEABIOS=osstest@xxxxxxxxxxxxxxx:/home/xen/git/osstest/seabios.git
+ TREE_OVMF=osstest@xxxxxxxxxxxxxxx:/home/xen/git/osstest/ovmf.git
+ TREE_XTF=osstest@xxxxxxxxxxxxxxx:/home/xen/git/xtf.git
+ info_linux_tree xen-unstable-smoke
+ case $1 in
+ return 1
+ case "$branch" in
+ cd /home/osstest/repos/xen
+ git push osstest@xxxxxxxxxxxxxxx:/home/xen/git/xen.git
f5c3e78b5c61e7dfb05749c7a0c862ec18c86384:refs/heads/smoke
To osstest@xxxxxxxxxxxxxxx:/home/xen/git/xen.git
f9c7a0e..f5c3e78 f5c3e78b5c61e7dfb05749c7a0c862ec18c86384 -> smoke

_______________________________________________
Xen-devel mailing list
Xen-devel@xxxxxxxxxxxxx
https://lists.xen.org/xen-devel



Programming list archiving by: Enterprise Git Hosting