Subject: [Xen-devel] [qemu-mainline test] 112516:
regressions - trouble: blocked/broken/fail/pass



flight 112516 qemu-mainline real [real]
http://logs.test-lab.xenproject.org/osstest/logs/112516/

Regressions :-(

Tests which did not succeed and are blocking,
including tests which could not be run:
test-amd64-amd64-xl-qemuu-win7-amd64 16 guest-localmigrate/x10 fail REGR. vs.
112456
test-armhf-armhf-libvirt-raw 6 xen-install fail REGR. vs. 112456
test-armhf-armhf-xl-multivcpu 7 xen-boot fail REGR. vs. 112456

Tests which did not succeed, but are not blocking:
test-arm64-arm64-libvirt-xsm 1 build-check(1) blocked n/a
test-arm64-arm64-xl 1 build-check(1) blocked n/a
build-arm64-libvirt 1 build-check(1) blocked n/a
test-arm64-arm64-xl-credit2 1 build-check(1) blocked n/a
test-arm64-arm64-xl-xsm 1 build-check(1) blocked n/a
build-arm64-pvops 2 hosts-allocate broken like 112456
build-arm64-xsm 2 hosts-allocate broken like 112456
build-arm64 2 hosts-allocate broken like 112456
build-arm64 3 capture-logs broken like 112456
build-arm64-pvops 3 capture-logs broken like 112456
build-arm64-xsm 3 capture-logs broken like 112456
test-armhf-armhf-libvirt 14 saverestore-support-check fail like 112456
test-armhf-armhf-xl-rtds 16 guest-start/debian.repeat fail like 112456
test-armhf-armhf-libvirt-xsm 14 saverestore-support-check fail like 112456
test-amd64-amd64-xl-rtds 10 debian-install fail like 112456
test-amd64-amd64-xl-qemuu-ws16-amd64 10 windows-install fail never pass
test-amd64-i386-libvirt 13 migrate-support-check fail never pass
test-amd64-amd64-libvirt-xsm 13 migrate-support-check fail never pass
test-amd64-i386-libvirt-xsm 13 migrate-support-check fail never pass
test-armhf-armhf-xl-arndale 13 migrate-support-check fail never pass
test-armhf-armhf-xl-arndale 14 saverestore-support-check fail never pass
test-amd64-amd64-libvirt-qemuu-debianhvm-amd64-xsm 11 migrate-support-check
fail never pass
test-amd64-i386-libvirt-qemuu-debianhvm-amd64-xsm 11 migrate-support-check
fail never pass
test-amd64-amd64-libvirt-vhd 12 migrate-support-check fail never pass
test-amd64-amd64-qemuu-nested-amd 17 debian-hvm-install/l1/l2 fail never pass
test-armhf-armhf-xl 13 migrate-support-check fail never pass
test-armhf-armhf-xl 14 saverestore-support-check fail never pass
test-armhf-armhf-xl-cubietruck 13 migrate-support-check fail never pass
test-armhf-armhf-xl-cubietruck 14 saverestore-support-check fail never pass
test-armhf-armhf-xl-xsm 13 migrate-support-check fail never pass
test-armhf-armhf-libvirt 13 migrate-support-check fail never pass
test-armhf-armhf-xl-xsm 14 saverestore-support-check fail never pass
test-armhf-armhf-xl-credit2 13 migrate-support-check fail never pass
test-armhf-armhf-xl-credit2 14 saverestore-support-check fail never pass
test-armhf-armhf-xl-rtds 13 migrate-support-check fail never pass
test-armhf-armhf-xl-rtds 14 saverestore-support-check fail never pass
test-amd64-i386-xl-qemuu-ws16-amd64 13 guest-saverestore fail never pass
test-amd64-amd64-libvirt 13 migrate-support-check fail never pass
test-armhf-armhf-xl-vhd 12 migrate-support-check fail never pass
test-armhf-armhf-xl-vhd 13 saverestore-support-check fail never pass
test-armhf-armhf-libvirt-xsm 13 migrate-support-check fail never pass
test-amd64-i386-xl-qemuu-win10-i386 10 windows-install fail never pass
test-amd64-amd64-xl-qemuu-win10-i386 10 windows-install fail never pass

version targeted for testing:
qemuu f22ab6cb0c47bd2a2785b7d58130949bd7d8d9af
baseline version:
qemuu ac44ed2afb7c60255e989b163301479f5b4ecd04

Last test of basis 112456 2017-08-05 00:17:41 Z 3 days
Failing since 112506 2017-08-07 09:39:19 Z 1 days 2 attempts
Testing same since 112516 2017-08-08 04:28:45 Z 0 days 1 attempts

------------------------------------------------------------
People who touched revisions under test:
Daniel P. Berrange <[email protected]>
Eric Auger <[email protected]>
Peter Maydell <[email protected]>
Richard Henderson <[email protected]>
Stefan Hajnoczi <[email protected]>

jobs:
build-amd64-xsm pass
build-arm64-xsm broken
build-armhf-xsm pass
build-i386-xsm pass
build-amd64 pass
build-arm64 broken
build-armhf pass
build-i386 pass
build-amd64-libvirt pass
build-arm64-libvirt blocked
build-armhf-libvirt pass
build-i386-libvirt pass
build-amd64-pvops pass
build-arm64-pvops broken
build-armhf-pvops pass
build-i386-pvops pass
test-amd64-amd64-xl pass
test-arm64-arm64-xl blocked
test-armhf-armhf-xl pass
test-amd64-i386-xl pass
test-amd64-amd64-libvirt-qemuu-debianhvm-amd64-xsm pass
test-amd64-i386-libvirt-qemuu-debianhvm-amd64-xsm pass
test-amd64-amd64-xl-qemuu-debianhvm-amd64-xsm pass
test-amd64-i386-xl-qemuu-debianhvm-amd64-xsm pass
test-amd64-amd64-libvirt-xsm pass
test-arm64-arm64-libvirt-xsm blocked
test-armhf-armhf-libvirt-xsm pass
test-amd64-i386-libvirt-xsm pass
test-amd64-amd64-xl-xsm pass
test-arm64-arm64-xl-xsm blocked
test-armhf-armhf-xl-xsm pass
test-amd64-i386-xl-xsm pass
test-amd64-amd64-qemuu-nested-amd fail
test-amd64-amd64-xl-pvh-amd pass
test-amd64-i386-qemuu-rhel6hvm-amd pass
test-amd64-amd64-xl-qemuu-debianhvm-amd64 pass
test-amd64-i386-xl-qemuu-debianhvm-amd64 pass
test-amd64-i386-freebsd10-amd64 pass
test-amd64-amd64-xl-qemuu-ovmf-amd64 pass
test-amd64-i386-xl-qemuu-ovmf-amd64 pass
test-amd64-amd64-xl-qemuu-win7-amd64 fail
test-amd64-i386-xl-qemuu-win7-amd64 pass
test-amd64-amd64-xl-qemuu-ws16-amd64 fail
test-amd64-i386-xl-qemuu-ws16-amd64 fail
test-armhf-armhf-xl-arndale pass
test-amd64-amd64-xl-credit2 pass
test-arm64-arm64-xl-credit2 blocked
test-armhf-armhf-xl-credit2 pass
test-armhf-armhf-xl-cubietruck pass
test-amd64-i386-freebsd10-i386 pass
test-amd64-amd64-xl-qemuu-win10-i386 fail
test-amd64-i386-xl-qemuu-win10-i386 fail
test-amd64-amd64-qemuu-nested-intel pass
test-amd64-amd64-xl-pvh-intel pass
test-amd64-i386-qemuu-rhel6hvm-intel pass
test-amd64-amd64-libvirt pass
test-armhf-armhf-libvirt pass
test-amd64-i386-libvirt pass
test-amd64-amd64-xl-multivcpu pass
test-armhf-armhf-xl-multivcpu fail
test-amd64-amd64-pair pass
test-amd64-i386-pair pass
test-amd64-amd64-libvirt-pair pass
test-amd64-i386-libvirt-pair pass
test-amd64-amd64-amd64-pvgrub pass
test-amd64-amd64-i386-pvgrub pass
test-amd64-amd64-pygrub pass
test-amd64-amd64-xl-qcow2 pass
test-armhf-armhf-libvirt-raw fail
test-amd64-i386-xl-raw pass
test-amd64-amd64-xl-rtds fail
test-armhf-armhf-xl-rtds fail
test-amd64-amd64-libvirt-vhd pass
test-armhf-armhf-xl-vhd pass


------------------------------------------------------------
sg-report-flight on osstest.test-lab.xenproject.org
logs: /home/logs/logs
images: /home/logs/images

Logs, config files, etc. are available at
http://logs.test-lab.xenproject.org/osstest/logs

Explanation of these reports, and of osstest in general, is at
http://xenbits.xen.org/gitweb/?p=osstest.git;a=blob;f=README.email;hb=master
http://xenbits.xen.org/gitweb/?p=osstest.git;a=blob;f=README;hb=master

Test harness code can be found at
http://xenbits.xen.org/gitweb?p=osstest.git;a=summary

broken-step build-arm64-pvops hosts-allocate
broken-step build-arm64-xsm hosts-allocate
broken-step build-arm64 hosts-allocate
broken-step build-arm64 capture-logs
broken-step build-arm64-pvops capture-logs
broken-step build-arm64-xsm capture-logs

Not pushing.

------------------------------------------------------------
commit f22ab6cb0c47bd2a2785b7d58130949bd7d8d9af
Author: Eric Auger <[email protected]>
Date: Mon Aug 7 11:49:41 2017 +0000

hw/arm/virt: Add 2.10 machine type

Add virt-2.10 machine type.

Signed-off-by: Eric Auger <[email protected]>
Reviewed-by: Andrew Jones <[email protected]>
Message-id: [email protected]
Signed-off-by: Peter Maydell <[email protected]>

commit 3a789fcca090bdcc80448f7c080122730e6d0230
Merge: e59b1c5 f42cf44
Author: Peter Maydell <[email protected]>
Date: Mon Aug 7 13:17:12 2017 +0100

Merge remote-tracking branch 'remotes/stefanha/tags/tracing-pull-request'
into staging

# gpg: Signature made Mon 07 Aug 2017 12:03:54 BST
# gpg: using RSA key 0x9CA4ABB381AB73C8
# gpg: Good signature from "Stefan Hajnoczi <[email protected]>"
# gpg: aka "Stefan Hajnoczi <[email protected]>"
# Primary key fingerprint: 8695 A8BF D3F9 7CDA AC35 775A 9CA4 ABB3 81AB
73C8

* remotes/stefanha/tags/tracing-pull-request:
block: move trace probes into bdrv_co_preadv|pwritev

Signed-off-by: Peter Maydell <[email protected]>

commit f42cf447e2310e84e119b99f7f13c8dc7a6cf3d6
Author: Daniel P. Berrange <[email protected]>
Date: Fri Aug 4 11:50:36 2017 +0100

block: move trace probes into bdrv_co_preadv|pwritev

There are trace probes in bdrv_co_readv|writev, however, the
block drivers are being gradually moved over to using the
bdrv_co_preadv|pwritev functions instead. As a result some
block drivers miss the current probes. Move the probes
into bdrv_co_preadv|pwritev instead, so that they are triggered
by more (all?) I/O code paths.

Signed-off-by: Daniel P. Berrange <[email protected]>
Message-id: [email protected]
Signed-off-by: Stefan Hajnoczi <[email protected]>

commit e59b1c5f677ca7e97709f606ad46947e9fdbb7bb
Merge: ac44ed2 13aaef6
Author: Peter Maydell <[email protected]>
Date: Fri Aug 4 14:23:29 2017 +0100

Merge remote-tracking branch 'remotes/rth/tags/pull-tcg-20170803' into
staging

Queued misc tcg patches

# gpg: Signature made Thu 03 Aug 2017 19:07:18 BST
# gpg: using RSA key 0xAD1270CC4DD0279B
# gpg: Good signature from "Richard Henderson <[email protected]>"
# gpg: aka "Richard Henderson <[email protected]>"
# Primary key fingerprint: 9CB1 8DDA F8E8 49AD 2AFC 16A4 AD12 70CC 4DD0
279B

* remotes/rth/tags/pull-tcg-20170803:
tcg: Increase minimum alignment from tcg_malloc to 8
target/s390x: Fix CSST for 16-byte store
tcg/arm: Fix runtime overalignment test

Signed-off-by: Peter Maydell <[email protected]>

commit 13aaef678ed377b12b76dc7fb9e615b2f2f9047b
Author: Richard Henderson <[email protected]>
Date: Wed Aug 2 14:50:04 2017 -0700

tcg: Increase minimum alignment from tcg_malloc to 8

For a 64-bit ILP32 host, aligning to sizeof(long) is not enough.
Guess the minimum for any host is 8, as that covers uint64_t.
Qemu doesn't use a host long double or host vectors, except in
extremely limited circumstances.

Fixes a bus error for a sparc v8plus host.

Signed-off-by: Richard Henderson <[email protected]>

commit de4e05d1e557882d5e0f55a50cb2b501b40de060
Author: Richard Henderson <[email protected]>
Date: Fri Jul 28 11:26:47 2017 -0700

target/s390x: Fix CSST for 16-byte store

Found by Coverity (CID 1378273).

Reviewed-by: Philippe Mathieu-Daudé <[email protected]>
Reported-by: Paolo Bonzini <[email protected]>
Signed-off-by: Richard Henderson <[email protected]>

commit ca671de8af96798e0f493378240034620a3a04ee
Author: Richard Henderson <[email protected]>
Date: Fri Jul 28 11:24:17 2017 -0700

tcg/arm: Fix runtime overalignment test

Patch 85aa80813dd changed the IF emitting the TST instruction,
but failed to change the ?: converting CMP to CMPEQ, so the
result of the TST is ignored.

Signed-off-by: Richard Henderson <[email protected]>

_______________________________________________
Xen-devel mailing list
[email protected]
https://lists.xen.org/xen-devel



Programming list archiving by: Enterprise Git Hosting