Subject: [Xen-devel] [linux-4.9 test] 112497: regressions -
trouble: blocked/broken/fail/pass



flight 112497 linux-4.9 real [real]
http://logs.test-lab.xenproject.org/osstest/logs/112497/

Regressions :-(

Tests which did not succeed and are blocking,
including tests which could not be run:
test-armhf-armhf-xl-arndale 5 host-ping-check-native fail REGR. vs. 112405

Tests which did not succeed, but are not blocking:
test-arm64-arm64-libvirt-xsm 1 build-check(1) blocked n/a
test-arm64-arm64-xl 1 build-check(1) blocked n/a
build-arm64-libvirt 1 build-check(1) blocked n/a
test-arm64-arm64-examine 1 build-check(1) blocked n/a
test-arm64-arm64-xl-credit2 1 build-check(1) blocked n/a
test-arm64-arm64-xl-xsm 1 build-check(1) blocked n/a
build-arm64-xsm 2 hosts-allocate broken like 112405
build-arm64-pvops 2 hosts-allocate broken like 112405
build-arm64 2 hosts-allocate broken like 112405
build-arm64-pvops 3 capture-logs broken like 112405
build-arm64 3 capture-logs broken like 112405
build-arm64-xsm 3 capture-logs broken never pass
test-amd64-amd64-xl-qemut-win7-amd64 18 guest-start/win.repeat fail like 112397
test-amd64-i386-xl-qemuu-win7-amd64 17 guest-stop fail like 112397
test-amd64-i386-xl-qemut-win7-amd64 16 guest-localmigrate/x10 fail like 112397
test-armhf-armhf-xl-rtds 16 guest-start/debian.repeat fail like 112405
test-amd64-amd64-xl-qemuu-win7-amd64 17 guest-stop fail like 112405
test-amd64-amd64-xl-rtds 10 debian-install fail like 112405
test-amd64-amd64-libvirt 13 migrate-support-check fail never pass
test-amd64-i386-libvirt 13 migrate-support-check fail never pass
test-amd64-amd64-xl-qemuu-ws16-amd64 10 windows-install fail never pass
test-amd64-i386-libvirt-xsm 13 migrate-support-check fail never pass
test-amd64-amd64-xl-qemut-ws16-amd64 10 windows-install fail never pass
test-amd64-amd64-libvirt-xsm 13 migrate-support-check fail never pass
test-amd64-i386-libvirt-qemuu-debianhvm-amd64-xsm 11 migrate-support-check
fail never pass
test-amd64-amd64-qemuu-nested-amd 17 debian-hvm-install/l1/l2 fail never pass
test-amd64-amd64-libvirt-vhd 12 migrate-support-check fail never pass
test-armhf-armhf-xl-rtds 13 migrate-support-check fail never pass
test-armhf-armhf-xl-rtds 14 saverestore-support-check fail never pass
test-amd64-i386-xl-qemuu-ws16-amd64 13 guest-saverestore fail never pass
test-armhf-armhf-xl-credit2 13 migrate-support-check fail never pass
test-armhf-armhf-xl-credit2 14 saverestore-support-check fail never pass
test-armhf-armhf-libvirt-xsm 13 migrate-support-check fail never pass
test-armhf-armhf-libvirt-xsm 14 saverestore-support-check fail never pass
test-armhf-armhf-xl 13 migrate-support-check fail never pass
test-armhf-armhf-xl 14 saverestore-support-check fail never pass
test-armhf-armhf-libvirt 13 migrate-support-check fail never pass
test-armhf-armhf-xl-multivcpu 13 migrate-support-check fail never pass
test-armhf-armhf-libvirt 14 saverestore-support-check fail never pass
test-armhf-armhf-xl-multivcpu 14 saverestore-support-check fail never pass
test-armhf-armhf-xl-cubietruck 13 migrate-support-check fail never pass
test-armhf-armhf-xl-xsm 13 migrate-support-check fail never pass
test-armhf-armhf-xl-xsm 14 saverestore-support-check fail never pass
test-armhf-armhf-xl-cubietruck 14 saverestore-support-check fail never pass
test-amd64-amd64-libvirt-qemuu-debianhvm-amd64-xsm 11 migrate-support-check
fail never pass
test-armhf-armhf-libvirt-raw 12 migrate-support-check fail never pass
test-armhf-armhf-libvirt-raw 13 saverestore-support-check fail never pass
test-amd64-i386-xl-qemut-ws16-amd64 13 guest-saverestore fail never pass
test-armhf-armhf-xl-vhd 12 migrate-support-check fail never pass
test-armhf-armhf-xl-vhd 13 saverestore-support-check fail never pass
test-amd64-i386-xl-qemut-win10-i386 10 windows-install fail never pass
test-amd64-amd64-xl-qemut-win10-i386 10 windows-install fail never pass
test-amd64-i386-xl-qemuu-win10-i386 10 windows-install fail never pass
test-amd64-amd64-xl-qemuu-win10-i386 10 windows-install fail never pass

version targeted for testing:
linux db397d9c6e66afdd34ae430172db122632b5f8a7
baseline version:
linux efcfbfb1d8bf756d1b58fe215bf4e419d176435b

Last test of basis 112405 2017-08-01 03:50:17 Z 6 days
Testing same since 112497 2017-08-07 02:26:34 Z 0 days 1 attempts

------------------------------------------------------------
People who touched revisions under test:
Al Viro <[email protected]>
Alex Williamson <[email protected]>
Amit Pundir <[email protected]>
Anand Jain <[email protected]>
Andreas Schaertl <[email protected]>
Andrzej Hajda <[email protected]>
Andy Shevchenko <[email protected]>
Anna Schumaker <[email protected]>
Annie Cherkaev <[email protected]>
Arnaldo Carvalho de Melo <[email protected]>
Arnd Bergmann <[email protected]>
Arvind Yadav <[email protected]>
Bartlomiej Zolnierkiewicz <[email protected]>
Ben Skeggs <[email protected]>
Benjamin Coddington <[email protected]>
Benjamin Poirier <[email protected]>
Burak Ok <[email protected]>
Caleb Crome <[email protected]>
Catalin Marinas <[email protected]>
Cheah Kok Cheong <[email protected]>
Christophe JAILLET <[email protected]>
Chun-Hao Lin <[email protected]>
Corey Minyard <[email protected]>
Dan Williams <[email protected]>
Daniel Bristot de Oliveira <[email protected]>
Daniel Dadap <[email protected]>
Daniel Schultz <[email protected]>
Dave Jiang <[email protected]>
Dave Kleikamp <[email protected]>
David Carrillo-Cisneros <[email protected]>
David Lechner <[email protected]>
David S. Miller <[email protected]>
David Sterba <[email protected]>
Dmitry Vyukov <[email protected]>
Doug Ledford <[email protected]>
Eric Dumazet <[email protected]>
Felipe Balbi <[email protected]>
Florian Fainelli <[email protected]>
Greg Kroah-Hartman <[email protected]>
Grygorii Strashko <[email protected]>
Guillaume Nault <[email protected]>
Hans de Goede <[email protected]>
Hans Verkuil <[email protected]>
Helge Deller <[email protected]>
Herbert Xu <[email protected]>
Ilia Mirkin <[email protected]>
Ingo Molnar <[email protected]>
Ioan-Adrian Ratiu <[email protected]>
Ismail, Mustafa <[email protected]>
Jack Morgenstein <[email protected]>
Jan Kara <[email protected]>
Jan Stancek <[email protected]>
Jason Cooper <[email protected]>
Jassi Brar <[email protected]>
Jeeja KP <[email protected]>
Jia-Ju Bai <[email protected]>
Jiandi An <[email protected]>
Jiri Kosina <[email protected]>
Jiten Thakkar <[email protected]>
Joel Fernandes <[email protected]>
John David Anglin <[email protected]>
John Hsu <[email protected]>
Jonas Bonn <[email protected]>
Jordan Crouse <[email protected]>
Kalle Valo <[email protected]>
Kees Cook <[email protected]>
Konstantin Khlebnikov <[email protected]>
Krzysztof Kozlowski <[email protected]>
Laurent Pinchart <[email protected]>
Laurent Vivier <[email protected]>
Leon Romanovsky <[email protected]>
Linus Torvalds <[email protected]>
Lior David <[email protected]>
Liu Bo <[email protected]>
Maninder Singh <[email protected]>
Mark Brown <[email protected]>
Mark Rutland <[email protected]>
Mark Salyzyn <[email protected]>
Martin K. Petersen <[email protected]>
Masami Hiramatsu <[email protected]>
Matt Fleming <[email protected]>
Mauro Carvalho Chehab <[email protected]>
Maya Erez <[email protected]>
Michael Ellerman <[email protected]>
Michal Kazior <[email protected]>
Michal Simek <[email protected]>
Mike Marciniszyn <[email protected]>
Milo Kim <[email protected]>
Moritz Fischer <[email protected]>
Mustafa Ismail <[email protected]>
Narsimhulu Musini <[email protected]>
NeilBrown <[email protected]>
Nhan Nguyen <[email protected]>
Ofer Heifetz <[email protected]>
OGAWA Hirofumi <[email protected]>
Or Gerlitz <[email protected]>
Pali Rohár <[email protected]>
Patrick Lai <[email protected]>
Paul Mackerras <[email protected]>
Pavel Machek <[email protected]>
Peter Chen <peter.chen@xxxxxxx>
Peter Ujfalusi <peter.ujfalusi@xxxxxx>
Peter Zijlstra (Intel) <peterz@xxxxxxxxxxxxx>
Peter Zijlstra <peterz@xxxxxxxxxxxxx>
Phil Reid <preid@xxxxxxxxxxxxxxxxx>
Pierre-Louis Bossart <pierre-louis.bossart@xxxxxxxxxxxxxxx>
Rafael J. Wysocki <rafael.j.wysocki@xxxxxxxxx>
Rasesh Mody <rasesh.mody@xxxxxxxxxx>
Rob Clark <robdclark@xxxxxxxxx>
Rob Herring <robh@xxxxxxxxxx>
Roger Quadros <rogerq@xxxxxx>
Sabrina Dubroca <sd@xxxxxxxxxxxxxxx>
Saeed Mahameed <saeedm@xxxxxxxxxxxx>
Samuel Ortiz <sameo@xxxxxxxxxxxxxxx>
Sasha Levin <alexander.levin@xxxxxxxxxxx>
Satish Kharat <satishkh@xxxxxxxxx>
Sergei Shtylyov <sergei.shtylyov@xxxxxxxxxxxxxxxxxx>
Sesidhar Baddela <sebaddel@xxxxxxxxx>
Shaohua Li <shli@xxxxxx>
Sinclair Yeh <syeh@xxxxxxxxxx>
Srinivas Kandagatla <srinivas.kandagatla@xxxxxxxxxx>
Stafford Horne <shorne@xxxxxxxxx>
Stefan Wahren <stefan.wahren@xxxxxxxx>
Steffen Klassert <steffen.klassert@xxxxxxxxxxx>
Steven Rostedt <rostedt@xxxxxxxxxxx>
Strashko, Grygorii <grygorii.strashko@xxxxxx>
Sudeep Holla <sudeep.holla@xxxxxxx>
Sudip Mukherjee <sudip.mukherjee@xxxxxxxxxxxxxxx>
Sudip Mukherjee <sudipm.mukherjee@xxxxxxxxx>
Suman Anna <s-anna@xxxxxx>
Sören Brinkmann <soren.brinkmann@xxxxxxxxxx>
Takashi Iwai <tiwai@xxxxxxx>
Tariq Toukan <tariqt@xxxxxxxxxxxx>
Thomas Gleixner <tglx@xxxxxxxxxxxxx>
thongsyho <thong.ho.px@xxxxxxxxxxxxxxx>
Tony Lindgren <tony@xxxxxxxxxxx>
Valentin Vidic <Valentin.Vidic@xxxxxxxxx>
Vaneet Narang <v.narang@xxxxxxxxxxx>
Vineet Gupta <vgupta@xxxxxxxxxxxx>
Vinod Koul <vinod.koul@xxxxxxxxx>
Will Deacon <will.deacon@xxxxxxx>
Yoichi Yuasa <yuasa@xxxxxxxxxxxxxx>
Yuejie Shi <syjcnss@xxxxxxxxx>
Yuriy Kolerov <yuriy.kolerov@xxxxxxxxxxxx>
Zheng Li <james.z.li@xxxxxxxxxxxx>
Ã?meric MASCHINO <emeric.maschino@xxxxxxxxx>

jobs:
build-amd64-xsm pass
build-arm64-xsm broken
build-armhf-xsm pass
build-i386-xsm pass
build-amd64 pass
build-arm64 broken
build-armhf pass
build-i386 pass
build-amd64-libvirt pass
build-arm64-libvirt blocked
build-armhf-libvirt pass
build-i386-libvirt pass
build-amd64-pvops pass
build-arm64-pvops broken
build-armhf-pvops pass
build-i386-pvops pass
build-amd64-rumprun pass
build-i386-rumprun pass
test-amd64-amd64-xl pass
test-arm64-arm64-xl blocked
test-armhf-armhf-xl pass
test-amd64-i386-xl pass
test-amd64-amd64-xl-qemut-debianhvm-amd64-xsm pass
test-amd64-i386-xl-qemut-debianhvm-amd64-xsm pass
test-amd64-amd64-libvirt-qemuu-debianhvm-amd64-xsm pass
test-amd64-i386-libvirt-qemuu-debianhvm-amd64-xsm pass
test-amd64-amd64-xl-qemuu-debianhvm-amd64-xsm pass
test-amd64-i386-xl-qemuu-debianhvm-amd64-xsm pass
test-amd64-amd64-xl-qemut-stubdom-debianhvm-amd64-xsm pass
test-amd64-i386-xl-qemut-stubdom-debianhvm-amd64-xsm pass
test-amd64-amd64-libvirt-xsm pass
test-arm64-arm64-libvirt-xsm blocked
test-armhf-armhf-libvirt-xsm pass
test-amd64-i386-libvirt-xsm pass
test-amd64-amd64-xl-xsm pass
test-arm64-arm64-xl-xsm blocked
test-armhf-armhf-xl-xsm pass
test-amd64-i386-xl-xsm pass
test-amd64-amd64-qemuu-nested-amd fail
test-amd64-amd64-xl-pvh-amd pass
test-amd64-i386-qemut-rhel6hvm-amd pass
test-amd64-i386-qemuu-rhel6hvm-amd pass
test-amd64-amd64-xl-qemut-debianhvm-amd64 pass
test-amd64-i386-xl-qemut-debianhvm-amd64 pass
test-amd64-amd64-xl-qemuu-debianhvm-amd64 pass
test-amd64-i386-xl-qemuu-debianhvm-amd64 pass
test-amd64-i386-freebsd10-amd64 pass
test-amd64-amd64-xl-qemuu-ovmf-amd64 pass
test-amd64-i386-xl-qemuu-ovmf-amd64 pass
test-amd64-amd64-rumprun-amd64 pass
test-amd64-amd64-xl-qemut-win7-amd64 fail
test-amd64-i386-xl-qemut-win7-amd64 fail
test-amd64-amd64-xl-qemuu-win7-amd64 fail
test-amd64-i386-xl-qemuu-win7-amd64 fail
test-amd64-amd64-xl-qemut-ws16-amd64 fail
test-amd64-i386-xl-qemut-ws16-amd64 fail
test-amd64-amd64-xl-qemuu-ws16-amd64 fail
test-amd64-i386-xl-qemuu-ws16-amd64 fail
test-armhf-armhf-xl-arndale fail
test-amd64-amd64-xl-credit2 pass
test-arm64-arm64-xl-credit2 blocked
test-armhf-armhf-xl-credit2 pass
test-armhf-armhf-xl-cubietruck pass
test-amd64-amd64-examine pass
test-arm64-arm64-examine blocked
test-armhf-armhf-examine pass
test-amd64-i386-examine pass
test-amd64-i386-freebsd10-i386 pass
test-amd64-i386-rumprun-i386 pass
test-amd64-amd64-xl-qemut-win10-i386 fail
test-amd64-i386-xl-qemut-win10-i386 fail
test-amd64-amd64-xl-qemuu-win10-i386 fail
test-amd64-i386-xl-qemuu-win10-i386 fail
test-amd64-amd64-qemuu-nested-intel pass
test-amd64-amd64-xl-pvh-intel pass
test-amd64-i386-qemut-rhel6hvm-intel pass
test-amd64-i386-qemuu-rhel6hvm-intel pass
test-amd64-amd64-libvirt pass
test-armhf-armhf-libvirt pass
test-amd64-i386-libvirt pass
test-amd64-amd64-xl-multivcpu pass
test-armhf-armhf-xl-multivcpu pass
test-amd64-amd64-pair pass
test-amd64-i386-pair pass
test-amd64-amd64-libvirt-pair pass
test-amd64-i386-libvirt-pair pass
test-amd64-amd64-amd64-pvgrub pass
test-amd64-amd64-i386-pvgrub pass
test-amd64-amd64-pygrub pass
test-amd64-amd64-xl-qcow2 pass
test-armhf-armhf-libvirt-raw pass
test-amd64-i386-xl-raw pass
test-amd64-amd64-xl-rtds fail
test-armhf-armhf-xl-rtds fail
test-amd64-amd64-libvirt-vhd pass
test-armhf-armhf-xl-vhd pass


------------------------------------------------------------
sg-report-flight on osstest.test-lab.xenproject.org
logs: /home/logs/logs
images: /home/logs/images

Logs, config files, etc. are available at
http://logs.test-lab.xenproject.org/osstest/logs

Explanation of these reports, and of osstest in general, is at
http://xenbits.xen.org/gitweb/?p=osstest.git;a=blob;f=README.email;hb=master
http://xenbits.xen.org/gitweb/?p=osstest.git;a=blob;f=README;hb=master

Test harness code can be found at
http://xenbits.xen.org/gitweb?p=osstest.git;a=summary

broken-step build-arm64-xsm hosts-allocate
broken-step build-arm64-xsm capture-logs
broken-step build-arm64-pvops hosts-allocate
broken-step build-arm64 hosts-allocate
broken-step build-arm64-pvops capture-logs
broken-step build-arm64 capture-logs

Not pushing.

(No revision log; it would be 2801 lines long.)

_______________________________________________
Xen-devel mailing list
Xen-devel@xxxxxxxxxxxxx
https://lists.xen.org/xen-devel



Programming list archiving by: Enterprise Git Hosting