Subject: [Xen-devel] [libvirt test] 112499: tolerable
trouble: blocked/broken/pass - PUSHED



flight 112499 libvirt real [real]
http://logs.test-lab.xenproject.org/osstest/logs/112499/

Failures :-/ but no regressions.

Tests which did not succeed, but are not blocking:
test-arm64-arm64-libvirt-xsm 1 build-check(1) blocked n/a
build-arm64-libvirt 1 build-check(1) blocked n/a
test-arm64-arm64-libvirt-qcow2 1 build-check(1) blocked n/a
test-arm64-arm64-libvirt 1 build-check(1) blocked n/a
build-arm64-xsm 2 hosts-allocate broken like 112459
build-arm64-pvops 2 hosts-allocate broken like 112459
build-arm64 2 hosts-allocate broken like 112459
build-arm64 3 capture-logs broken like 112459
build-arm64-xsm 3 capture-logs broken like 112459
build-arm64-pvops 3 capture-logs broken like 112459
test-armhf-armhf-libvirt-raw 13 saverestore-support-check fail like 112459
test-armhf-armhf-libvirt-xsm 14 saverestore-support-check fail like 112459
test-armhf-armhf-libvirt 14 saverestore-support-check fail like 112459
test-amd64-i386-libvirt 13 migrate-support-check fail never pass
test-amd64-i386-libvirt-xsm 13 migrate-support-check fail never pass
test-amd64-amd64-libvirt-xsm 13 migrate-support-check fail never pass
test-amd64-amd64-libvirt 13 migrate-support-check fail never pass
test-amd64-i386-libvirt-qemuu-debianhvm-amd64-xsm 11 migrate-support-check
fail never pass
test-amd64-amd64-libvirt-qemuu-debianhvm-amd64-xsm 11 migrate-support-check
fail never pass
test-amd64-amd64-libvirt-vhd 12 migrate-support-check fail never pass
test-armhf-armhf-libvirt-raw 12 migrate-support-check fail never pass
test-armhf-armhf-libvirt-xsm 13 migrate-support-check fail never pass
test-armhf-armhf-libvirt 13 migrate-support-check fail never pass

version targeted for testing:
libvirt 404d3632b974dfec4fb60471be7d8c2ab52c983a
baseline version:
libvirt d8e8b63d3063a832d8cbcd25a22fb8154ab6220f

Last test of basis 112459 2017-08-05 04:30:56 Z 2 days
Testing same since 112499 2017-08-07 04:20:15 Z 0 days 1 attempts

------------------------------------------------------------
People who touched revisions under test:
Alexander Nusov <[email protected]>
Roman Bogorodskiy <[email protected]>

jobs:
build-amd64-xsm pass
build-arm64-xsm broken
build-armhf-xsm pass
build-i386-xsm pass
build-amd64 pass
build-arm64 broken
build-armhf pass
build-i386 pass
build-amd64-libvirt pass
build-arm64-libvirt blocked
build-armhf-libvirt pass
build-i386-libvirt pass
build-amd64-pvops pass
build-arm64-pvops broken
build-armhf-pvops pass
build-i386-pvops pass
test-amd64-amd64-libvirt-qemuu-debianhvm-amd64-xsm pass
test-amd64-i386-libvirt-qemuu-debianhvm-amd64-xsm pass
test-amd64-amd64-libvirt-xsm pass
test-arm64-arm64-libvirt-xsm blocked
test-armhf-armhf-libvirt-xsm pass
test-amd64-i386-libvirt-xsm pass
test-amd64-amd64-libvirt pass
test-arm64-arm64-libvirt blocked
test-armhf-armhf-libvirt pass
test-amd64-i386-libvirt pass
test-amd64-amd64-libvirt-pair pass
test-amd64-i386-libvirt-pair pass
test-arm64-arm64-libvirt-qcow2 blocked
test-armhf-armhf-libvirt-raw pass
test-amd64-amd64-libvirt-vhd pass


------------------------------------------------------------
sg-report-flight on osstest.test-lab.xenproject.org
logs: /home/logs/logs
images: /home/logs/images

Logs, config files, etc. are available at
http://logs.test-lab.xenproject.org/osstest/logs

Explanation of these reports, and of osstest in general, is at
http://xenbits.xen.org/gitweb/?p=osstest.git;a=blob;f=README.email;hb=master
http://xenbits.xen.org/gitweb/?p=osstest.git;a=blob;f=README;hb=master

Test harness code can be found at
http://xenbits.xen.org/gitweb?p=osstest.git;a=summary

broken-step build-arm64-xsm hosts-allocate
broken-step build-arm64-pvops hosts-allocate
broken-step build-arm64 hosts-allocate
broken-step build-arm64 capture-logs
broken-step build-arm64-xsm capture-logs
broken-step build-arm64-pvops capture-logs

Pushing revision :

+ branch=libvirt
+ revision=404d3632b974dfec4fb60471be7d8c2ab52c983a
+ . ./cri-lock-repos
++ . ./cri-common
+++ . ./cri-getconfig
+++ umask 002
+++ getrepos
++++ getconfig Repos
++++ perl -e '
use Osstest;
readglobalconfig();
print $c{"Repos"} or die $!;
'
+++ local repos=/home/osstest/repos
+++ '[' -z /home/osstest/repos ']'
+++ '[' '!' -d /home/osstest/repos ']'
+++ echo /home/osstest/repos
++ repos=/home/osstest/repos
++ repos_lock=/home/osstest/repos/lock
++ '[' x '!=' x/home/osstest/repos/lock ']'
++ OSSTEST_REPOS_LOCK_LOCKED=/home/osstest/repos/lock
++ exec with-lock-ex -w /home/osstest/repos/lock ./ap-push libvirt
404d3632b974dfec4fb60471be7d8c2ab52c983a
+ branch=libvirt
+ revision=404d3632b974dfec4fb60471be7d8c2ab52c983a
+ . ./cri-lock-repos
++ . ./cri-common
+++ . ./cri-getconfig
+++ umask 002
+++ getrepos
++++ getconfig Repos
++++ perl -e '
use Osstest;
readglobalconfig();
print $c{"Repos"} or die $!;
'
+++ local repos=/home/osstest/repos
+++ '[' -z /home/osstest/repos ']'
+++ '[' '!' -d /home/osstest/repos ']'
+++ echo /home/osstest/repos
++ repos=/home/osstest/repos
++ repos_lock=/home/osstest/repos/lock
++ '[' x/home/osstest/repos/lock '!=' x/home/osstest/repos/lock ']'
+ . ./cri-common
++ . ./cri-getconfig
++ umask 002
+ select_xenbranch
+ case "$branch" in
+ tree=libvirt
+ xenbranch=xen-unstable
+ '[' xlibvirt = xlinux ']'
+ linuxbranch=
+ '[' x = x ']'
+ qemuubranch=qemu-upstream-unstable
+ select_prevxenbranch
++ ./cri-getprevxenbranch xen-unstable
+ prevxenbranch=xen-4.9-testing
+ '[' x404d3632b974dfec4fb60471be7d8c2ab52c983a = x ']'
+ : tested/2.6.39.x
+ . ./ap-common
++ : [email protected]
+++ getconfig OsstestUpstream
+++ perl -e '
use Osstest;
readglobalconfig();
print $c{"OsstestUpstream"} or die $!;
'
++ :
++ : git://xenbits.xen.org/xen.git
++ : [email protected]:/home/xen/git/xen.git
++ : git://xenbits.xen.org/qemu-xen-traditional.git
++ : git://git.kernel.org
++ : git://git.kernel.org/pub/scm/linux/kernel/git
++ : git
++ : git://xenbits.xen.org/xtf.git
++ : [email protected]:/home/xen/git/xtf.git
++ : git://xenbits.xen.org/xtf.git
++ : git://libvirt.org/libvirt.git
++ : [email protected]:/home/xen/git/libvirt.git
++ : git://xenbits.xen.org/libvirt.git
++ : git://xenbits.xen.org/osstest/rumprun.git
++ : git
++ : git://xenbits.xen.org/osstest/rumprun.git
++ : [email protected]:/home/xen/git/osstest/rumprun.git
++ : git://git.seabios.org/seabios.git
++ : [email protected]:/home/xen/git/osstest/seabios.git
++ : git://xenbits.xen.org/osstest/seabios.git
++ : https://github.com/tianocore/edk2.git
++ : [email protected]:/home/xen/git/osstest/ovmf.git
++ : git://xenbits.xen.org/osstest/ovmf.git
++ : git://xenbits.xen.org/osstest/linux-firmware.git
++ : [email protected]:/home/osstest/ext/linux-firmware.git
++ : git://git.kernel.org/pub/scm/linux/kernel/git/firmware/linux-firmware.git
++ : [email protected]:/home/xen/git/linux-pvops.git
++ : git://xenbits.xen.org/linux-pvops.git
++ : tested/linux-4.9
++ : tested/linux-arm-xen
++ '[' xgit://xenbits.xen.org/linux-pvops.git = x ']'
++ '[' x = x ']'
++ : git://xenbits.xen.org/linux-pvops.git
++ : tested/linux-arm-xen
++ : git://git.kernel.org/pub/scm/linux/kernel/git/konrad/xen.git
++ : tested/2.6.39.x
++ : daily-cron.libvirt
++ : daily-cron.libvirt
++ : daily-cron.libvirt
++ : daily-cron.libvirt
++ : daily-cron.libvirt
++ : daily-cron.libvirt
++ : daily-cron.libvirt
++ : http://hg.uk.xensource.com/carbon/trunk/linux-2.6.27
++ : git://xenbits.xen.org/qemu-xen.git
++ : [email protected]:/home/xen/git/qemu-xen.git
++ : daily-cron.libvirt
++ : git://xenbits.xen.org/qemu-xen.git
++ : git://git.qemu.org/qemu.git
+ [email protected]:/home/xen/git/linux-pvops.git
+ [email protected]:/home/xen/git/qemu-xen.git
+ [email protected]:/home/xen/git/xen.git
+ [email protected]:/home/xen/git/libvirt.git
+ [email protected]:/home/xen/git/osstest/rumprun.git
+ [email protected]:/home/xen/git/osstest/seabios.git
+ [email protected]:/home/xen/git/osstest/ovmf.git
+ [email protected]:/home/xen/git/xtf.git
+ info_linux_tree libvirt
+ case $1 in
+ return 1
+ case "$branch" in
+ cd /home/osstest/repos/libvirt
+ git push [email protected]:/home/xen/git/libvirt.git
404d3632b974dfec4fb60471be7d8c2ab52c983a:refs/heads/xen-tested-master
To [email protected]:/home/xen/git/libvirt.git
d8e8b63..404d363 404d3632b974dfec4fb60471be7d8c2ab52c983a ->
xen-tested-master

_______________________________________________
Xen-devel mailing list
[email protected]
https://lists.xen.org/xen-devel



Programming list archiving by: Enterprise Git Hosting