Subject: [Xen-devel] [xen-unstable-smoke test] 112507:
regressions - trouble: broken/fail/pass



flight 112507 xen-unstable-smoke real [real]
http://logs.test-lab.xenproject.org/osstest/logs/112507/

Regressions :-(

Tests which did not succeed and are blocking,
including tests which could not be run:
test-amd64-amd64-xl-qemuu-debianhvm-i386 10 debian-hvm-install fail REGR. vs.
112402
test-amd64-amd64-libvirt 15 guest-saverestore fail REGR. vs. 112402

Tests which did not succeed, but are not blocking:
test-arm64-arm64-xl-xsm 1 build-check(1) blocked n/a
build-arm64-pvops 2 hosts-allocate broken baseline untested
build-arm64 2 hosts-allocate broken baseline untested
build-arm64-pvops 3 capture-logs broken baseline untested
build-arm64 3 capture-logs broken baseline untested
test-amd64-amd64-libvirt 13 migrate-support-check fail never pass
test-armhf-armhf-xl 13 migrate-support-check fail never pass
test-armhf-armhf-xl 14 saverestore-support-check fail never pass

version targeted for testing:
xen 32e7db7f6fbb91dac1e4e1bbcab4851c4606e0fa
baseline version:
xen b8029db62eb2a06a204a8e2b69437d0927bd1ac4

Last test of basis 112402 2017-07-31 21:02:08 Z 6 days
Failing since 112418 2017-08-03 11:04:58 Z 4 days 41 attempts
Testing same since 112448 2017-08-04 16:01:08 Z 2 days 29 attempts

------------------------------------------------------------
People who touched revisions under test:
Andrii Anisov <[email protected]>
He Chen <[email protected]>
Ian Jackson <[email protected]>
Iurii Konovalenko <[email protected]>
Iurii Mykhalskyi <[email protected]>
Jan Beulich <[email protected]>
Julien Grall <[email protected]>
Kevin Tian <[email protected]>
Marek Marczykowski-Górecki <[email protected]>
Praveen Kumar <[email protected]>
Rusty Bird <[email protected]>
Sergej Proskurin <[email protected]>
Stefano Stabellini <[email protected]>
Wei Liu <[email protected]>
Xiao Liang <[email protected]>
xiliang <[email protected]>
Yi Sun <[email protected]>

jobs:
build-amd64 pass
build-arm64 broken
build-armhf pass
build-amd64-libvirt pass
build-arm64-pvops broken
test-armhf-armhf-xl pass
test-arm64-arm64-xl-xsm broken
test-amd64-amd64-xl-qemuu-debianhvm-i386 fail
test-amd64-amd64-libvirt fail


------------------------------------------------------------
sg-report-flight on osstest.test-lab.xenproject.org
logs: /home/logs/logs
images: /home/logs/images

Logs, config files, etc. are available at
http://logs.test-lab.xenproject.org/osstest/logs

Explanation of these reports, and of osstest in general, is at
http://xenbits.xen.org/gitweb/?p=osstest.git;a=blob;f=README.email;hb=master
http://xenbits.xen.org/gitweb/?p=osstest.git;a=blob;f=README;hb=master

Test harness code can be found at
http://xenbits.xen.org/gitweb?p=osstest.git;a=summary

broken-step build-arm64-pvops hosts-allocate
broken-step build-arm64 hosts-allocate
broken-step build-arm64-pvops capture-logs
broken-step build-arm64 capture-logs

Not pushing.

(No revision log; it would be 726 lines long.)

_______________________________________________
Xen-devel mailing list
[email protected]
https://lists.xen.org/xen-devel



Programming list archiving by: Enterprise Git Hosting